{"id":2871,"date":"2021-09-21T14:16:41","date_gmt":"2021-09-21T14:16:41","guid":{"rendered":"http:\/\/www.reprolam.com\/?page_id=2871"},"modified":"2021-09-21T14:18:02","modified_gmt":"2021-09-21T14:18:02","slug":"normas-utilizadas-para-las-pruebas-tipo-por-los-laboratorios-de-dosimetria-externa-de-la-region","status":"publish","type":"page","link":"http:\/\/www.reprolam.com\/?page_id=2871","title":{"rendered":"Normas utilizadas para las pruebas tipo por los Laboratorios de Dosimetr\u00eda Externa de la Regi\u00f3n."},"content":{"rendered":"<div id=\"pl-gb2871-69f820428731b\"  class=\"panel-layout\" ><div id=\"pg-gb2871-69f820428731b-0\"  class=\"panel-grid panel-has-style\" ><div class=\"panel-row-style panel-row-style-for-gb2871-69f820428731b-0\" ><div id=\"pgc-gb2871-69f820428731b-0-0\"  class=\"panel-grid-cell\" ><div id=\"panel-gb2871-69f820428731b-0-0-0\" class=\"so-panel widget widget_siteorigin-panels-builder panel-first-child panel-last-child\" data-index=\"0\" ><div class=\"panel-widget-style panel-widget-style-for-gb2871-69f820428731b-0-0-0\" ><div id=\"pl-w6149e996c3a41\"  class=\"panel-layout\" ><div id=\"pg-w6149e996c3a41-0\"  class=\"panel-grid panel-no-style\" ><div id=\"pgc-w6149e996c3a41-0-0\"  class=\"panel-grid-cell\" ><div id=\"panel-w6149e996c3a41-0-0-0\" class=\"so-panel widget widget_sow-editor panel-first-child panel-last-child\" data-index=\"0\" ><div\n\t\t\t\n\t\t\tclass=\"so-widget-sow-editor so-widget-sow-editor-base\"\n\t\t\t\n\t\t>\n<div class=\"siteorigin-widget-tinymce textwidget\">\n\t<p><img loading=\"lazy\" decoding=\"async\" class=\"wp-image-2872 alignright\" src=\"http:\/\/www.reprolam.com\/wp-content\/uploads\/2021\/09\/repo15Img1.png\" alt=\"\" width=\"144\" height=\"144\" srcset=\"http:\/\/www.reprolam.com\/wp-content\/uploads\/2021\/09\/repo15Img1.png 300w, http:\/\/www.reprolam.com\/wp-content\/uploads\/2021\/09\/repo15Img1-150x150.png 150w, http:\/\/www.reprolam.com\/wp-content\/uploads\/2021\/09\/repo15Img1-270x270.png 270w, http:\/\/www.reprolam.com\/wp-content\/uploads\/2021\/09\/repo15Img1-230x230.png 230w\" sizes=\"(max-width: 144px) 100vw, 144px\" \/><\/p>\n<\/div>\n<\/div><\/div><\/div><div id=\"pgc-w6149e996c3a41-0-1\"  class=\"panel-grid-cell\" ><div id=\"panel-w6149e996c3a41-0-1-0\" class=\"so-panel widget widget_sow-editor panel-first-child panel-last-child\" data-index=\"1\" ><div\n\t\t\t\n\t\t\tclass=\"so-widget-sow-editor so-widget-sow-editor-base\"\n\t\t\t\n\t\t>\n<div class=\"siteorigin-widget-tinymce textwidget\">\n\t<p><img loading=\"lazy\" decoding=\"async\" class=\"wp-image-2873 size-full alignleft\" src=\"http:\/\/www.reprolam.com\/wp-content\/uploads\/2021\/09\/repo15Img2.png\" alt=\"\" width=\"495\" height=\"162\" srcset=\"http:\/\/www.reprolam.com\/wp-content\/uploads\/2021\/09\/repo15Img2.png 495w, http:\/\/www.reprolam.com\/wp-content\/uploads\/2021\/09\/repo15Img2-300x98.png 300w\" sizes=\"(max-width: 495px) 100vw, 495px\" \/><\/p>\n<\/div>\n<\/div><\/div><\/div><\/div><\/div><\/div><\/div><\/div><\/div><\/div><div id=\"pg-gb2871-69f820428731b-1\"  class=\"panel-grid panel-has-style\" ><div class=\"panel-row-style panel-row-style-for-gb2871-69f820428731b-1\" ><div id=\"pgc-gb2871-69f820428731b-1-0\"  class=\"panel-grid-cell\" ><div id=\"panel-gb2871-69f820428731b-1-0-0\" class=\"so-panel widget widget_sow-editor panel-first-child panel-last-child\" data-index=\"1\" ><div class=\"panel-widget-style panel-widget-style-for-gb2871-69f820428731b-1-0-0\" ><div\n\t\t\t\n\t\t\tclass=\"so-widget-sow-editor so-widget-sow-editor-base\"\n\t\t\t\n\t\t>\n<div class=\"siteorigin-widget-tinymce textwidget\">\n\t\n<table id=\"tablepress-54\" class=\"tablepress tablepress-id-54\">\n<thead>\n<tr class=\"row-1\">\n\t<th class=\"column-1\">LABORATORIOS<\/th><th class=\"column-2\">PA\u00cdS<\/th><th class=\"column-3\">FOTONES Y PART\u00cdCULAS BETA<\/th><th class=\"column-4\">NEUTRONES<\/th><th class=\"column-5\">FOTONES Y NEUTRONES<\/th>\n<\/tr>\n<\/thead>\n<tbody class=\"row-striping row-hover\">\n<tr class=\"row-2\">\n\t<td class=\"column-1\">Laboratorio de Dosimetria Externa (LDE) &#8211; CPHR<\/td><td class=\"column-2\">Cuba<\/td><td class=\"column-3\">ISO 62387: 2012. Dos\u00edmetros pasivos, Hp(10), Hp(0.07) y Hp(3), IEC 61066: 2006. Dos\u00edmetros termoluminiscentes, Hp(10), Hp(0.07)<\/td><td class=\"column-4\">\u2026<\/td><td class=\"column-5\">\u2026<\/td>\n<\/tr>\n<tr class=\"row-3\">\n\t<td class=\"column-1\">Sapra Landauer Servi\u00e7o de Assessoria e Prote\u00e7\u00e3o Radiol\u00f3gica<\/td><td class=\"column-2\">Brasil<\/td><td class=\"column-3\">ISO 62387: 2012. Dos\u00edmetros pasivos, Hp(10), Hp(0.07) y Hp(3)<\/td><td class=\"column-4\">\u2026<\/td><td class=\"column-5\">\u2026<\/td>\n<\/tr>\n<tr class=\"row-4\">\n\t<td class=\"column-1\">Laborat\u00f3rio de Dosimetria de F\u00f3tons &#8211; IRD<\/td><td class=\"column-2\">Brasil<\/td><td class=\"column-3\">ISO 62387: 2012. Dos\u00edmetros pasivos, Hp(10), Hp(0.07) y Hp(3)<\/td><td class=\"column-4\">\u2026<\/td><td class=\"column-5\">\u2026<\/td>\n<\/tr>\n<tr class=\"row-5\">\n\t<td class=\"column-1\">TEC-RAD<\/td><td class=\"column-2\">Brasil<\/td><td class=\"column-3\">IEC 61066: 2006. Dos\u00edmetros termoluminiscentes, Hp(10), Hp(0.07)<\/td><td class=\"column-4\">ISO 21909-1: 2015. Dos\u00edmetros pasivos, Hp(10)<\/td><td class=\"column-5\">IEC 61526:2010. Dos\u00edmetros de lectura directa, Hp(10), Hp(0.07)<\/td>\n<\/tr>\n<tr class=\"row-6\">\n\t<td class=\"column-1\">Pro-Rad Consultores em Radioprote\u00e7\u00e3o<\/td><td class=\"column-2\">Brasil<\/td><td class=\"column-3\">ISO 4037-3<\/td><td class=\"column-4\">\u2026<\/td><td class=\"column-5\">\u2026<\/td>\n<\/tr>\n<tr class=\"row-7\">\n\t<td class=\"column-1\">Dosimetr\u00eda Personal S.A.S.<\/td><td class=\"column-2\">Colombia<\/td><td class=\"column-3\">ISO-4037 y reporte 16 de la Serie de informes de Seguridad OIEA<\/td><td class=\"column-4\">No se realiza<\/td><td class=\"column-5\">IEC 61526:2010. Dos\u00edmetros de lectura directa, Hp(10), Hp(0.07)<\/td>\n<\/tr>\n<tr class=\"row-8\">\n\t<td class=\"column-1\">Laboratorio de Dosimetr\u00eda &#8211; CNSNS<\/td><td class=\"column-2\">M\u00e9xico<\/td><td class=\"column-3\">ANSI N13.11-2009<\/td><td class=\"column-4\">\u2026<\/td><td class=\"column-5\">\u2026<\/td>\n<\/tr>\n<tr class=\"row-9\">\n\t<td class=\"column-1\">MKS Protecci\u00f3n Radiol\u00f3gica<\/td><td class=\"column-2\">Argentina<\/td><td class=\"column-3\">ISO 62387: 2012. Dos\u00edmetros pasivos, Hp(10), Hp(0.07) y Hp(3)<\/td><td class=\"column-4\">\u2026<\/td><td class=\"column-5\">\u2026<\/td>\n<\/tr>\n<tr class=\"row-10\">\n\t<td class=\"column-1\">Laboratorio de Dosimetria Externa LDE, LAF-RAM<\/td><td class=\"column-2\">Nicaragua<\/td><td class=\"column-3\">ISO 62387: 2012. Dos\u00edmetros pasivos, Hp(10), Hp(0.07) y Hp(3)<\/td><td class=\"column-4\">\u2026<\/td><td class=\"column-5\">\u2026<\/td>\n<\/tr>\n<tr class=\"row-11\">\n\t<td class=\"column-1\">Tecnof\u00edsica, S.A. de C.V.<\/td><td class=\"column-2\">M\u00e9xico<\/td><td class=\"column-3\">ANSI\/HPS N13.11-2009 (R2015)<\/td><td class=\"column-4\">ANSI\/HPS N13.52-2018<\/td><td class=\"column-5\">ANSI\/HPS N13.11-2009 (R2015)<\/td>\n<\/tr>\n<tr class=\"row-12\">\n\t<td class=\"column-1\">Radiofisica Sanitaria &#8211; FUESMEN<\/td><td class=\"column-2\">Argentina<\/td><td class=\"column-3\">IEC 61066: 2006. Dos\u00edmetros termoluminiscentes, Hp(10), Hp(0.07), ISO 12794: 2000. Dos\u00edmetros de extremidades y cristalino, Hp(0.07) y Hp(3)<\/td><td class=\"column-4\">\u2026<\/td><td class=\"column-5\">\u2026<\/td>\n<\/tr>\n<tr class=\"row-13\">\n\t<td class=\"column-1\">Laboratorio de Dosimetria &#8211; ISP DE CHILE<\/td><td class=\"column-2\">Chile<\/td><td class=\"column-3\">NCH-ISO17025 OF 2005<\/td><td class=\"column-4\">\u2026<\/td><td class=\"column-5\">\u2026<\/td>\n<\/tr>\n<tr class=\"row-14\">\n\t<td class=\"column-1\">Nuclear Control Argentina<\/td><td class=\"column-2\">Argentina<\/td><td class=\"column-3\">\u2026<\/td><td class=\"column-4\">\u2026<\/td><td class=\"column-5\">\u2026<\/td>\n<\/tr>\n<tr class=\"row-15\">\n\t<td class=\"column-1\">Laboratorio de dosimetr\u00eda por termoluminiscencia &#8211; ARN<\/td><td class=\"column-2\">Argentina<\/td><td class=\"column-3\">ISO 62387: 2012. Dos\u00edmetros pasivos, Hp(10), Hp(0.07) y Hp(3)<\/td><td class=\"column-4\">\u2026<\/td><td class=\"column-5\">\u2026<\/td>\n<\/tr>\n<tr class=\"row-16\">\n\t<td class=\"column-1\">Laboratorio de dosimetr\u00eda personal externa &#8211; CIAN<\/td><td class=\"column-2\">El Salvador<\/td><td class=\"column-3\">IEC 61066: 2006. Dos\u00edmetros termoluminiscentes, Hp(10), Hp(0.07)<\/td><td class=\"column-4\">\u2026<\/td><td class=\"column-5\">\u2026<\/td>\n<\/tr>\n<tr class=\"row-17\">\n\t<td class=\"column-1\">Laboratorio de Dosimetr\u00eda Personal &#8211; Hospital de Esp. Carlos Andrade Mar\u00edn<\/td><td class=\"column-2\">Ecuador<\/td><td class=\"column-3\">IEC 61066: 2006. Dos\u00edmetros termoluminiscentes, Hp(10), Hp(0.07)<\/td><td class=\"column-4\">Desconozco<\/td><td class=\"column-5\">IEC 61526:2010. Dos\u00edmetros de lectura directa, Hp(10), Hp(0.07)<\/td>\n<\/tr>\n<tr class=\"row-18\">\n\t<td class=\"column-1\">Laboratorio de Termoluminiscencia &#8211; CICANUM<\/td><td class=\"column-2\">Costa Rica<\/td><td class=\"column-3\">ISO 62387: 2012. Dos\u00edmetros pasivos, Hp(10), Hp(0.07) y Hp(3), IEC 61066: 2006. Dos\u00edmetros termoluminiscentes, Hp(10), Hp(0.07), ISO 12794: 2000. Dos\u00edmetros de extremidades y cristalino, Hp(0.07) y Hp(3)<\/td><td class=\"column-4\">ISO 21909-1: 2015. Dos\u00edmetros pasivos, Hp(10)<\/td><td class=\"column-5\">\u2026<\/td>\n<\/tr>\n<tr class=\"row-19\">\n\t<td class=\"column-1\">Laboratorio de dosimetr\u00eda personal externa &#8211; MIEM<\/td><td class=\"column-2\">Uruguay<\/td><td class=\"column-3\">GSG-7<\/td><td class=\"column-4\">na<\/td><td class=\"column-5\">na<\/td>\n<\/tr>\n<\/tbody>\n<\/table>\n<!-- #tablepress-54 from cache -->\n<\/div>\n<\/div><\/div><\/div><\/div><\/div><\/div><\/div>\n\n\n<p><\/p>\n","protected":false},"excerpt":{"rendered":"","protected":false},"author":1,"featured_media":0,"parent":2381,"menu_order":0,"comment_status":"closed","ping_status":"closed","template":"page-templates\/page-builder.php","meta":{"footnotes":""},"_links":{"self":[{"href":"http:\/\/www.reprolam.com\/index.php?rest_route=\/wp\/v2\/pages\/2871"}],"collection":[{"href":"http:\/\/www.reprolam.com\/index.php?rest_route=\/wp\/v2\/pages"}],"about":[{"href":"http:\/\/www.reprolam.com\/index.php?rest_route=\/wp\/v2\/types\/page"}],"author":[{"embeddable":true,"href":"http:\/\/www.reprolam.com\/index.php?rest_route=\/wp\/v2\/users\/1"}],"replies":[{"embeddable":true,"href":"http:\/\/www.reprolam.com\/index.php?rest_route=%2Fwp%2Fv2%2Fcomments&post=2871"}],"version-history":[{"count":4,"href":"http:\/\/www.reprolam.com\/index.php?rest_route=\/wp\/v2\/pages\/2871\/revisions"}],"predecessor-version":[{"id":2878,"href":"http:\/\/www.reprolam.com\/index.php?rest_route=\/wp\/v2\/pages\/2871\/revisions\/2878"}],"up":[{"embeddable":true,"href":"http:\/\/www.reprolam.com\/index.php?rest_route=\/wp\/v2\/pages\/2381"}],"wp:attachment":[{"href":"http:\/\/www.reprolam.com\/index.php?rest_route=%2Fwp%2Fv2%2Fmedia&parent=2871"}],"curies":[{"name":"wp","href":"https:\/\/api.w.org\/{rel}","templated":true}]}}