{"id":2891,"date":"2021-09-21T23:43:31","date_gmt":"2021-09-21T23:43:31","guid":{"rendered":"http:\/\/www.reprolam.com\/?page_id=2891"},"modified":"2021-10-13T14:24:09","modified_gmt":"2021-10-13T14:24:09","slug":"servicios-de-dosimetria-externa-autorizados-por-la-autoridad-nacional-competente","status":"publish","type":"page","link":"http:\/\/www.reprolam.com\/?page_id=2891","title":{"rendered":"Servicios de Dosimetr\u00eda Externa autorizados por la Autoridad Nacional competente."},"content":{"rendered":"<div id=\"pl-gb2891-69f820fcd2d3d\"  class=\"panel-layout\" ><div id=\"pg-gb2891-69f820fcd2d3d-0\"  class=\"panel-grid panel-has-style\" ><div class=\"panel-row-style panel-row-style-for-gb2891-69f820fcd2d3d-0\" ><div id=\"pgc-gb2891-69f820fcd2d3d-0-0\"  class=\"panel-grid-cell\" ><div id=\"panel-gb2891-69f820fcd2d3d-0-0-0\" class=\"so-panel widget widget_siteorigin-panels-builder panel-first-child panel-last-child\" data-index=\"0\" ><div class=\"panel-widget-style panel-widget-style-for-gb2891-69f820fcd2d3d-0-0-0\" ><div id=\"pl-w6166ebfbded0b\"  class=\"panel-layout\" ><div id=\"pg-w6166ebfbded0b-0\"  class=\"panel-grid panel-no-style\" ><div id=\"pgc-w6166ebfbded0b-0-0\"  class=\"panel-grid-cell\" ><div id=\"panel-w6166ebfbded0b-0-0-0\" class=\"so-panel widget widget_sow-editor panel-first-child panel-last-child\" data-index=\"0\" ><div\n\t\t\t\n\t\t\tclass=\"so-widget-sow-editor so-widget-sow-editor-base\"\n\t\t\t\n\t\t>\n<div class=\"siteorigin-widget-tinymce textwidget\">\n\t<p><img loading=\"lazy\" decoding=\"async\" class=\"aligncenter size-large wp-image-2892\" src=\"http:\/\/www.reprolam.com\/wp-content\/uploads\/2021\/09\/chartrep18-1024x482.png\" alt=\"\" width=\"750\" height=\"353\" srcset=\"http:\/\/www.reprolam.com\/wp-content\/uploads\/2021\/09\/chartrep18-1024x482.png 1024w, http:\/\/www.reprolam.com\/wp-content\/uploads\/2021\/09\/chartrep18-300x141.png 300w, http:\/\/www.reprolam.com\/wp-content\/uploads\/2021\/09\/chartrep18-768x361.png 768w, http:\/\/www.reprolam.com\/wp-content\/uploads\/2021\/09\/chartrep18.png 1294w\" sizes=\"(max-width: 750px) 100vw, 750px\" \/><\/p>\n<\/div>\n<\/div><\/div><\/div><div id=\"pgc-w6166ebfbded0b-0-1\"  class=\"panel-grid-cell\" ><div id=\"panel-w6166ebfbded0b-0-1-0\" class=\"so-panel widget widget_sow-editor panel-first-child panel-last-child\" data-index=\"1\" ><div class=\"panel-widget-style panel-widget-style-for-w6166ebfbded0b-0-1-0\" ><div\n\t\t\t\n\t\t\tclass=\"so-widget-sow-editor so-widget-sow-editor-base\"\n\t\t\t\n\t\t>\n<div class=\"siteorigin-widget-tinymce textwidget\">\n\t<p><img loading=\"lazy\" decoding=\"async\" class=\"aligncenter wp-image-2893\" src=\"http:\/\/www.reprolam.com\/wp-content\/uploads\/2021\/09\/imerep18.jpg\" alt=\"\" width=\"349\" height=\"214\" \/><\/p>\n<\/div>\n<\/div><\/div><\/div><\/div><\/div><\/div><\/div><\/div><\/div><\/div><\/div><div id=\"pg-gb2891-69f820fcd2d3d-1\"  class=\"panel-grid panel-has-style\" ><div class=\"panel-row-style panel-row-style-for-gb2891-69f820fcd2d3d-1\" ><div id=\"pgc-gb2891-69f820fcd2d3d-1-0\"  class=\"panel-grid-cell\" ><div id=\"panel-gb2891-69f820fcd2d3d-1-0-0\" class=\"so-panel widget widget_sow-editor panel-first-child panel-last-child\" data-index=\"1\" ><div class=\"panel-widget-style panel-widget-style-for-gb2891-69f820fcd2d3d-1-0-0\" ><div\n\t\t\t\n\t\t\tclass=\"so-widget-sow-editor so-widget-sow-editor-base\"\n\t\t\t\n\t\t>\n<div class=\"siteorigin-widget-tinymce textwidget\">\n\t\n<table id=\"tablepress-57\" class=\"tablepress tablepress-id-57\">\n<thead>\n<tr class=\"row-1\">\n\t<th class=\"column-1\">LABORATORIOS<\/th><th class=\"column-2\">PA\u00cdS<\/th><th class=\"column-3\">\u00bfAutorizados?<\/th><th class=\"column-4\">\u00bfServicios Autorizados?<\/th><th class=\"column-5\">Autoridad que emiti\u00f3 la Autorizaci\u00f3n<\/th><th class=\"column-6\">Fecha de la aprobaci\u00f3n<\/th><th class=\"column-7\">Fecha de vencimiento<\/th>\n<\/tr>\n<\/thead>\n<tbody class=\"row-striping row-hover\">\n<tr class=\"row-2\">\n\t<td class=\"column-1\">Laboratorio de Dosimetria Externa (LDE) &#8211; CPHR<\/td><td class=\"column-2\">Cuba<\/td><td class=\"column-3\">SI<\/td><td class=\"column-4\">Cuerpo Entero, Anillo<\/td><td class=\"column-5\">Direccion de Seguridad Nuclear (DSN)<\/td><td class=\"column-6\">2014-01-30 00:00:00<\/td><td class=\"column-7\">2024-01-30 00:00:00<\/td>\n<\/tr>\n<tr class=\"row-3\">\n\t<td class=\"column-1\">Sapra Landauer Servi\u00e7o de Assessoria e Prote\u00e7\u00e3o Radiol\u00f3gica<\/td><td class=\"column-2\">Brasil<\/td><td class=\"column-3\">SI<\/td><td class=\"column-4\">Cuerpo entero<\/td><td class=\"column-5\">CASEC\/IRD\/CNEN<\/td><td class=\"column-6\">2020-01-01 00:00:00<\/td><td class=\"column-7\">2020-12-31 00:00:00<\/td>\n<\/tr>\n<tr class=\"row-4\">\n\t<td class=\"column-1\">Laborat\u00f3rio de Dosimetria de F\u00f3tons &#8211; IRD<\/td><td class=\"column-2\">Brasil<\/td><td class=\"column-3\">SI<\/td><td class=\"column-4\">Cuerpo entero<\/td><td class=\"column-5\">CNEN<\/td><td class=\"column-6\">2015-12-11 00:00:00<\/td><td class=\"column-7\">2020-12-31 00:00:00<\/td>\n<\/tr>\n<tr class=\"row-5\">\n\t<td class=\"column-1\">TEC-RAD<\/td><td class=\"column-2\">Brasil<\/td><td class=\"column-3\">SI<\/td><td class=\"column-4\">Cuerpo entero<\/td><td class=\"column-5\">CNEN<\/td><td class=\"column-6\">2011-12-26 00:00:00<\/td><td class=\"column-7\">2020-12-31 00:00:00<\/td>\n<\/tr>\n<tr class=\"row-6\">\n\t<td class=\"column-1\">Pro-Rad Consultores em Radioprote\u00e7\u00e3o<\/td><td class=\"column-2\">Brasil<\/td><td class=\"column-3\">SI<\/td><td class=\"column-4\">Cuerpo entero<\/td><td class=\"column-5\">CNEN<\/td><td class=\"column-6\">2010-12-10 00:00:00<\/td><td class=\"column-7\">2020-12-31 00:00:00<\/td>\n<\/tr>\n<tr class=\"row-7\">\n\t<td class=\"column-1\">Dosimetr\u00eda Personal S.A.S.<\/td><td class=\"column-2\">Colombia<\/td><td class=\"column-3\">SI<\/td><td class=\"column-4\">Cuerpo entero, Anillo, Cristalino<\/td><td class=\"column-5\">Grupo de Asuntos Nucleares<\/td><td class=\"column-6\">2019-02-10 00:00:00<\/td><td class=\"column-7\">2023-02-09 00:00:00<\/td>\n<\/tr>\n<tr class=\"row-8\">\n\t<td class=\"column-1\">Laboratorio de Dosimetr\u00eda &#8211; CNSNS<\/td><td class=\"column-2\">M\u00e9xico<\/td><td class=\"column-3\">SI<\/td><td class=\"column-4\">Cuerpo entero<\/td><td class=\"column-5\">CNSNS<\/td><td class=\"column-6\">2020-01-01 00:00:00<\/td><td class=\"column-7\">2020-12-31 00:00:00<\/td>\n<\/tr>\n<tr class=\"row-9\">\n\t<td class=\"column-1\">MKS Protecci\u00f3n Radiol\u00f3gica<\/td><td class=\"column-2\">Argentina<\/td><td class=\"column-3\">SI<\/td><td class=\"column-4\">Cuerpo entero, Anillo, Mu\u00f1eca, Cristalino<\/td><td class=\"column-5\">Autoridad Regulatoria Nuclear Argentina y Ministerio de Salud<\/td><td class=\"column-6\">2007-02-06 00:00:00<\/td><td class=\"column-7\">2022-01-01 00:00:00<\/td>\n<\/tr>\n<tr class=\"row-10\">\n\t<td class=\"column-1\">Laboratorio de Dosimetria Externa LDE, LAF-RAM<\/td><td class=\"column-2\">Nicaragua<\/td><td class=\"column-3\">NO<\/td><td class=\"column-4\">Ninguno<\/td><td class=\"column-5\">MINSA-CONEA<\/td><td class=\"column-6\">\u2026<\/td><td class=\"column-7\">\u2026<\/td>\n<\/tr>\n<tr class=\"row-11\">\n\t<td class=\"column-1\">Tecnof\u00edsica, S.A. de C.V.<\/td><td class=\"column-2\">M\u00e9xico<\/td><td class=\"column-3\">SI<\/td><td class=\"column-4\">Cuerpo entero<\/td><td class=\"column-5\">CNSNS<\/td><td class=\"column-6\">2019-01-24 00:00:00<\/td><td class=\"column-7\">2020-12-31 00:00:00<\/td>\n<\/tr>\n<tr class=\"row-12\">\n\t<td class=\"column-1\">Radiofisica Sanitaria &#8211; FUESMEN<\/td><td class=\"column-2\">Argentina<\/td><td class=\"column-3\">SI<\/td><td class=\"column-4\">Cuerpo entero, Anillo, Mu\u00f1eca, Cristalino<\/td><td class=\"column-5\">Ministerio de Salud<\/td><td class=\"column-6\">2019-01-01 00:00:00<\/td><td class=\"column-7\">2020-12-31 00:00:00<\/td>\n<\/tr>\n<tr class=\"row-13\">\n\t<td class=\"column-1\">Laboratorio de Dosimetria &#8211; ISP DE CHILE<\/td><td class=\"column-2\">Chile<\/td><td class=\"column-3\">SI<\/td><td class=\"column-4\">Cuerpo entero<\/td><td class=\"column-5\">NO LO SE<\/td><td class=\"column-6\">2020-11-25 00:00:00<\/td><td class=\"column-7\">2020-11-25 00:00:00<\/td>\n<\/tr>\n<tr class=\"row-14\">\n\t<td class=\"column-1\">Nuclear Control Argentina<\/td><td class=\"column-2\">Argentina<\/td><td class=\"column-3\">SI<\/td><td class=\"column-4\">Cuerpo entero, Mu\u00f1eca<\/td><td class=\"column-5\">Ministerio de Salud &#8211; Radiof\u00edsica Sanitaria<\/td><td class=\"column-6\">2009-08-14 00:00:00<\/td><td class=\"column-7\">2020-11-26 00:00:00<\/td>\n<\/tr>\n<tr class=\"row-15\">\n\t<td class=\"column-1\">Laboratorio de dosimetr\u00eda por termoluminiscencia &#8211; ARN<\/td><td class=\"column-2\">Argentina<\/td><td class=\"column-3\">NO<\/td><td class=\"column-4\">Ninguno<\/td><td class=\"column-5\">NA<\/td><td class=\"column-6\">\u2026<\/td><td class=\"column-7\">\u2026<\/td>\n<\/tr>\n<tr class=\"row-16\">\n\t<td class=\"column-1\">Laboratorio de dosimetr\u00eda personal externa &#8211; CIAN<\/td><td class=\"column-2\">El Salvador<\/td><td class=\"column-3\">SI<\/td><td class=\"column-4\">Cuerpo entero, Anillo<\/td><td class=\"column-5\">Direcci\u00f3n de protecci\u00f3n radiol\u00f3gica, Ministerio de Salud<\/td><td class=\"column-6\">2019-06-10 00:00:00<\/td><td class=\"column-7\">2023-06-10 00:00:00<\/td>\n<\/tr>\n<tr class=\"row-17\">\n\t<td class=\"column-1\">Laboratorio de Dosimetr\u00eda Personal &#8211; Hospital de Esp. Carlos Andrade Mar\u00edn<\/td><td class=\"column-2\">Ecuador<\/td><td class=\"column-3\">NO<\/td><td class=\"column-4\">Ninguno<\/td><td class=\"column-5\">NO POSEE APROBACI\u00d3N<\/td><td class=\"column-6\">\u2026<\/td><td class=\"column-7\">\u2026<\/td>\n<\/tr>\n<tr class=\"row-18\">\n\t<td class=\"column-1\">Laboratorio de Termoluminiscencia &#8211; CICANUM<\/td><td class=\"column-2\">Costa Rica<\/td><td class=\"column-3\">SI<\/td><td class=\"column-4\">Cuerpo entero, Anillo, Mu\u00f1eca, Cristalino<\/td><td class=\"column-5\">Ministerio de Salud<\/td><td class=\"column-6\">2019-05-08 00:00:00<\/td><td class=\"column-7\">2022-02-09 00:00:00<\/td>\n<\/tr>\n<tr class=\"row-19\">\n\t<td class=\"column-1\">Laboratorio de dosimetr\u00eda personal externa &#8211; MIEM<\/td><td class=\"column-2\">Uruguay<\/td><td class=\"column-3\">SI<\/td><td class=\"column-4\">Cuerpo entero, Anillo, Mu\u00f1eca, Cristalino<\/td><td class=\"column-5\">ARNR<\/td><td class=\"column-6\">2019-11-19 00:00:00<\/td><td class=\"column-7\">2023-12-11 00:00:00<\/td>\n<\/tr>\n<\/tbody>\n<\/table>\n<!-- #tablepress-57 from cache -->\n<\/div>\n<\/div><\/div><\/div><\/div><\/div><\/div><\/div>\n\n\n<p><\/p>\n","protected":false},"excerpt":{"rendered":"","protected":false},"author":1,"featured_media":0,"parent":2381,"menu_order":0,"comment_status":"closed","ping_status":"closed","template":"page-templates\/page-builder.php","meta":{"footnotes":""},"_links":{"self":[{"href":"http:\/\/www.reprolam.com\/index.php?rest_route=\/wp\/v2\/pages\/2891"}],"collection":[{"href":"http:\/\/www.reprolam.com\/index.php?rest_route=\/wp\/v2\/pages"}],"about":[{"href":"http:\/\/www.reprolam.com\/index.php?rest_route=\/wp\/v2\/types\/page"}],"author":[{"embeddable":true,"href":"http:\/\/www.reprolam.com\/index.php?rest_route=\/wp\/v2\/users\/1"}],"replies":[{"embeddable":true,"href":"http:\/\/www.reprolam.com\/index.php?rest_route=%2Fwp%2Fv2%2Fcomments&post=2891"}],"version-history":[{"count":4,"href":"http:\/\/www.reprolam.com\/index.php?rest_route=\/wp\/v2\/pages\/2891\/revisions"}],"predecessor-version":[{"id":3194,"href":"http:\/\/www.reprolam.com\/index.php?rest_route=\/wp\/v2\/pages\/2891\/revisions\/3194"}],"up":[{"embeddable":true,"href":"http:\/\/www.reprolam.com\/index.php?rest_route=\/wp\/v2\/pages\/2381"}],"wp:attachment":[{"href":"http:\/\/www.reprolam.com\/index.php?rest_route=%2Fwp%2Fv2%2Fmedia&parent=2891"}],"curies":[{"name":"wp","href":"https:\/\/api.w.org\/{rel}","templated":true}]}}