{"id":3409,"date":"2022-01-05T15:32:07","date_gmt":"2022-01-05T15:32:07","guid":{"rendered":"http:\/\/www.reprolam.com\/?page_id=3409"},"modified":"2022-01-06T01:47:28","modified_gmt":"2022-01-06T01:47:28","slug":"xii-congreso-regional-de-seguridad-radiologica-y-nuclear-x-congreso-regional-irpa-proteccion-radiologica-adaptandonos-a-nuevos-escenario","status":"publish","type":"page","link":"http:\/\/www.reprolam.com\/?page_id=3409","title":{"rendered":"XII CONGRESO REGIONAL DE SEGURIDAD RADIOL\u00d3GICA Y NUCLEAR. X CONGRESO REGIONAL IRPA. \u201cProtecci\u00f3n Radiol\u00f3gica: Adapt\u00e1ndonos a nuevos escenario\u201d."},"content":{"rendered":"<div id=\"pl-gb3409-69e3e7b64db3a\"  class=\"panel-layout\" ><div id=\"pg-gb3409-69e3e7b64db3a-0\"  class=\"panel-grid panel-has-style\" ><div class=\"panel-row-style panel-row-style-for-gb3409-69e3e7b64db3a-0\" ><div id=\"pgc-gb3409-69e3e7b64db3a-0-0\"  class=\"panel-grid-cell\" ><div id=\"panel-gb3409-69e3e7b64db3a-0-0-0\" class=\"so-panel widget widget_sow-editor panel-first-child panel-last-child\" data-index=\"0\" ><div class=\"panel-widget-style panel-widget-style-for-gb3409-69e3e7b64db3a-0-0-0\" ><div\n\t\t\t\n\t\t\tclass=\"so-widget-sow-editor so-widget-sow-editor-base\"\n\t\t\t\n\t\t>\n<div class=\"siteorigin-widget-tinymce textwidget\">\n\t<p style=\"text-align: right;\">Publicado en Web de REPROLAM: 05\/01\/2022<\/p>\n<p style=\"text-align: center;\"><strong>Fecha: Desde el 23 al 27 de octubre de 2022. Santiago, Chile.<\/strong><\/p>\n<p><img loading=\"lazy\" decoding=\"async\" class=\"aligncenter wp-image-3410 size-full\" src=\"http:\/\/www.reprolam.com\/wp-content\/uploads\/2022\/01\/Banner-Congreso-IRPA-CHILE.jpg\" alt=\"\" width=\"1495\" height=\"422\" srcset=\"http:\/\/www.reprolam.com\/wp-content\/uploads\/2022\/01\/Banner-Congreso-IRPA-CHILE.jpg 1495w, http:\/\/www.reprolam.com\/wp-content\/uploads\/2022\/01\/Banner-Congreso-IRPA-CHILE-300x85.jpg 300w, http:\/\/www.reprolam.com\/wp-content\/uploads\/2022\/01\/Banner-Congreso-IRPA-CHILE-1024x289.jpg 1024w, http:\/\/www.reprolam.com\/wp-content\/uploads\/2022\/01\/Banner-Congreso-IRPA-CHILE-768x217.jpg 768w\" sizes=\"(max-width: 1495px) 100vw, 1495px\" \/><\/p>\n<p>Los invitamos a participar en el\u00a0 m\u00e1s importante evento t\u00e9cnico sobre protecci\u00f3n radiol\u00f3gica que se realiza en la regi\u00f3n de Am\u00e9rica Latina y El Caribe, el XII Congreso Regional de Seguridad Radiol\u00f3gica y Nuclear &#8211; X Congreso Regional IRPA, que se realizar\u00e1 en Santiago de Chile, del 23 al 27 de octubre 2022, y que tiene como lema: \u201cProtecci\u00f3n Radiol\u00f3gica: Adapt\u00e1ndonos a nuevos escenarios\u201d.<\/p>\n<\/div>\n<\/div><\/div><\/div><\/div><\/div><\/div><div id=\"pg-gb3409-69e3e7b64db3a-1\"  class=\"panel-grid panel-has-style\" ><div class=\"panel-row-style panel-row-style-for-gb3409-69e3e7b64db3a-1\" ><div id=\"pgc-gb3409-69e3e7b64db3a-1-0\"  class=\"panel-grid-cell\" ><div id=\"panel-gb3409-69e3e7b64db3a-1-0-0\" class=\"so-panel widget widget_sow-editor panel-first-child panel-last-child\" data-index=\"1\" ><div class=\"panel-widget-style panel-widget-style-for-gb3409-69e3e7b64db3a-1-0-0\" ><div\n\t\t\t\n\t\t\tclass=\"so-widget-sow-editor so-widget-sow-editor-base\"\n\t\t\t\n\t\t>\n<div class=\"siteorigin-widget-tinymce textwidget\">\n\t<table style=\"border-collapse: collapse; width: 100%;\" border=\"1\">\n<tbody>\n<tr style=\"height: 24px;\">\n<td style=\"width: 96.7688%; height: 24px; text-align: center;\"><span style=\"color: #3366ff;\"><strong>FECHAS IMPORTANTES<\/strong><\/span><\/td>\n<\/tr>\n<tr style=\"height: 24px;\">\n<td style=\"width: 96.7688%; height: 24px; background-color: #d3f0ee;\">\u00a0\u00a0\u00a0 Inicio de recepci\u00f3n de res\u00famenes: 01 de Enero de 2022.<\/td>\n<\/tr>\n<tr style=\"height: 24px;\">\n<td style=\"width: 96.7688%; height: 24px;\"><strong>\u00a0\u00a0\u00a0 Cierre de recepci\u00f3n de res\u00famenes<\/strong>: 30 de Abril de 2022.<\/td>\n<\/tr>\n<tr style=\"height: 24px;\">\n<td style=\"width: 96.7688%; height: 24px; background-color: #d3f0ee;\">\u00a0\u00a0\u00a0 Inscripciones: Desde el 02 de enero de 2022 hasta la fecha del Congreso.<\/td>\n<\/tr>\n<tr>\n<td style=\"width: 96.7688%;\">\u00a0\u00a0\u00a0 Fecha de recepci\u00f3n de trabajos: Se comunicar\u00e1 a cada autor<\/td>\n<\/tr>\n<\/tbody>\n<\/table>\n<p><img loading=\"lazy\" decoding=\"async\" class=\"aligncenter wp-image-3411 size-full\" src=\"http:\/\/www.reprolam.com\/wp-content\/uploads\/2022\/01\/Congreso-IRPA-CHILE-imagen-interna.jpg\" alt=\"\" width=\"685\" height=\"888\" srcset=\"http:\/\/www.reprolam.com\/wp-content\/uploads\/2022\/01\/Congreso-IRPA-CHILE-imagen-interna.jpg 685w, http:\/\/www.reprolam.com\/wp-content\/uploads\/2022\/01\/Congreso-IRPA-CHILE-imagen-interna-231x300.jpg 231w\" sizes=\"(max-width: 685px) 100vw, 685px\" \/><\/p>\n<\/div>\n<\/div><\/div><\/div><\/div><div id=\"pgc-gb3409-69e3e7b64db3a-1-1\"  class=\"panel-grid-cell\" ><div id=\"panel-gb3409-69e3e7b64db3a-1-1-0\" class=\"so-panel widget widget_sow-editor panel-first-child panel-last-child\" data-index=\"2\" ><div class=\"panel-widget-style panel-widget-style-for-gb3409-69e3e7b64db3a-1-1-0\" ><div\n\t\t\t\n\t\t\tclass=\"so-widget-sow-editor so-widget-sow-editor-base\"\n\t\t\t\n\t\t>\n<div class=\"siteorigin-widget-tinymce textwidget\">\n\t<table style=\"border-collapse: collapse; width: 100%;\" border=\"1\">\n<tbody>\n<tr style=\"height: 24px;\">\n<td style=\"width: 96.7688%; height: 24px; text-align: center;\"><span style=\"color: #3366ff;\"><strong>\u00c1REAS TEM\u00c1TICAS<\/strong><\/span><\/td>\n<\/tr>\n<tr style=\"height: 24px;\">\n<td style=\"width: 96.7688%; height: 24px; background-color: #d3f0ee;\">\u00a0PROTECCI\u00d3N RADIOL\u00d3GICA:<\/p>\n<p>&#8211; Protecci\u00f3n Radiol\u00f3gica ocupacional en Medicina<br \/>\n&#8211; Protecci\u00f3n Radiol\u00f3gica ocupacional en Industria<br \/>\n&#8211; Protecci\u00f3n Radiol\u00f3gica ocupacional en Investigaci\u00f3n<br \/>\n&#8211; Protecci\u00f3n Radiol\u00f3gica del paciente<br \/>\n&#8211; Protecci\u00f3n Radiol\u00f3gica del p\u00fablico<br \/>\n&#8211; Protecci\u00f3n Radiol\u00f3gica del medio ambiente<br \/>\n&#8211; Radiobiolog\u00eda<br \/>\n&#8211; Dosimetr\u00eda e instrumentaci\u00f3n<br \/>\n&#8211; Instrumentaci\u00f3n<br \/>\n&#8211; Radiaci\u00f3n natural, NORM y TENORM<\/p>\n<\/td>\n<\/tr>\n<tr style=\"height: 24px;\">\n<td style=\"width: 96.7688%; height: 24px;\">\u00a0INNOVACI\u00d3N Y TECNOLOG\u00cdA:<\/p>\n<p>&#8211; Nuevas tecnolog\u00edas y abordajes<br \/>\n&#8211; Inteligencia artificial aplicada a Protecci\u00f3n Radiol\u00f3gica<br \/>\n&#8211; Radiaciones no ionizantes<\/p>\n<\/td>\n<\/tr>\n<tr style=\"height: 24px;\">\n<td style=\"width: 96.7688%; height: 24px; background-color: #d3f0ee;\">\u00a0CULTURA DE SEGURIDAD:<\/p>\n<p>&#8211; Cultura de seguridad radiol\u00f3gica y nuclear<br \/>\n&#8211; Percepci\u00f3n del riesgo y comunicaci\u00f3n con el p\u00fablico<br \/>\n&#8211; \u00c9tica en el uso de radiaciones ionizantes<br \/>\n&#8211; Educaci\u00f3n y entrenamiento en Protecci\u00f3n Radiol\u00f3gica<\/p>\n<\/td>\n<\/tr>\n<tr>\n<td style=\"width: 96.7688%;\">\u00a0SEGURIDAD:<\/p>\n<p>&#8211; Seguridad en las instalaciones nucleares y radiol\u00f3gicas<br \/>\n&#8211; Pol\u00edticas y Marco Regulatorio en Protecci\u00f3n Radiol\u00f3gica<br \/>\n&#8211; Recomendaciones en Protecci\u00f3n Radiol\u00f3gica<br \/>\n&#8211; Emergencias radiol\u00f3gicas y nucleares<br \/>\n&#8211; Gesti\u00f3n de Desechos Radiactivos<br \/>\n&#8211; Transporte de Material Radiactivo<br \/>\n&#8211; Garant\u00eda y Control de Calidad<\/p>\n<\/td>\n<\/tr>\n<\/tbody>\n<\/table>\n<p>&nbsp;<\/p>\n<\/div>\n<\/div><\/div><\/div><\/div><\/div><\/div><div id=\"pg-gb3409-69e3e7b64db3a-2\"  class=\"panel-grid panel-has-style\" ><div class=\"panel-row-style panel-row-style-for-gb3409-69e3e7b64db3a-2\" ><div id=\"pgc-gb3409-69e3e7b64db3a-2-0\"  class=\"panel-grid-cell\" ><div id=\"panel-gb3409-69e3e7b64db3a-2-0-0\" class=\"so-panel widget widget_sow-editor panel-first-child panel-last-child\" data-index=\"3\" ><div class=\"panel-widget-style panel-widget-style-for-gb3409-69e3e7b64db3a-2-0-0\" ><div\n\t\t\t\n\t\t\tclass=\"so-widget-sow-editor so-widget-sow-editor-base\"\n\t\t\t\n\t\t>\n<div class=\"siteorigin-widget-tinymce textwidget\">\n\t<p style=\"text-align: center;\">En la p\u00e1gina web del congreso se encuentra disponible m\u00e1s informaci\u00f3n: <a href=\"https:\/\/www.sochipra.cl\/congreso-regional-santiago-de-chile-2022\/\">https:\/\/www.sochipra.cl\/congreso-regional-santiago-de-chile-2022\/<\/a><\/p>\n<\/div>\n<\/div><\/div><\/div><\/div><\/div><\/div><\/div>\n\n\n<p><\/p>\n","protected":false},"excerpt":{"rendered":"<p>Los invitamos a participar en el  m\u00e1s importante evento t\u00e9cnico sobre protecci\u00f3n radiol\u00f3gica que se realiza en la regi\u00f3n de Am\u00e9rica Latina y El Caribe<\/p>\n","protected":false},"author":1,"featured_media":3412,"parent":0,"menu_order":0,"comment_status":"closed","ping_status":"closed","template":"page-templates\/page-builder.php","meta":{"footnotes":""},"_links":{"self":[{"href":"http:\/\/www.reprolam.com\/index.php?rest_route=\/wp\/v2\/pages\/3409"}],"collection":[{"href":"http:\/\/www.reprolam.com\/index.php?rest_route=\/wp\/v2\/pages"}],"about":[{"href":"http:\/\/www.reprolam.com\/index.php?rest_route=\/wp\/v2\/types\/page"}],"author":[{"embeddable":true,"href":"http:\/\/www.reprolam.com\/index.php?rest_route=\/wp\/v2\/users\/1"}],"replies":[{"embeddable":true,"href":"http:\/\/www.reprolam.com\/index.php?rest_route=%2Fwp%2Fv2%2Fcomments&post=3409"}],"version-history":[{"count":9,"href":"http:\/\/www.reprolam.com\/index.php?rest_route=\/wp\/v2\/pages\/3409\/revisions"}],"predecessor-version":[{"id":3432,"href":"http:\/\/www.reprolam.com\/index.php?rest_route=\/wp\/v2\/pages\/3409\/revisions\/3432"}],"wp:featuredmedia":[{"embeddable":true,"href":"http:\/\/www.reprolam.com\/index.php?rest_route=\/wp\/v2\/media\/3412"}],"wp:attachment":[{"href":"http:\/\/www.reprolam.com\/index.php?rest_route=%2Fwp%2Fv2%2Fmedia&parent=3409"}],"curies":[{"name":"wp","href":"https:\/\/api.w.org\/{rel}","templated":true}]}}