{"id":3625,"date":"2022-07-06T13:30:38","date_gmt":"2022-07-06T13:30:38","guid":{"rendered":"http:\/\/www.reprolam.com\/?page_id=3625"},"modified":"2022-07-11T13:49:29","modified_gmt":"2022-07-11T13:49:29","slug":"reprolam-oiea-encuesta-de-capacidades-operativas-en-dosimetria-retrospectiva-mediante-metodos-biologicos-desde-el-4-de-julio-al-4-de-agosto-del-2022","status":"publish","type":"page","link":"http:\/\/www.reprolam.com\/?page_id=3625","title":{"rendered":"REPROLAM-OIEA: ENCUESTA DE CAPACIDADES OPERATIVAS EN DOSIMETR\u00cdA RETROSPECTIVA MEDIANTE M\u00c9TODOS BIOL\u00d3GICOS DESDE EL 4 DE JULIO AL 4 DE AGOSTO DEL 2022"},"content":{"rendered":"<div id=\"pl-gb3625-69e3e9ca653d7\"  class=\"panel-layout\" ><div id=\"pg-gb3625-69e3e9ca653d7-0\"  class=\"panel-grid panel-has-style\" ><div class=\"panel-row-style panel-row-style-for-gb3625-69e3e9ca653d7-0\" ><div id=\"pgc-gb3625-69e3e9ca653d7-0-0\"  class=\"panel-grid-cell\" ><div id=\"panel-gb3625-69e3e9ca653d7-0-0-0\" class=\"so-panel widget widget_sow-editor panel-first-child panel-last-child\" data-index=\"0\" ><div class=\"panel-widget-style panel-widget-style-for-gb3625-69e3e9ca653d7-0-0-0\" ><div\n\t\t\t\n\t\t\tclass=\"so-widget-sow-editor so-widget-sow-editor-base\"\n\t\t\t\n\t\t>\n<div class=\"siteorigin-widget-tinymce textwidget\">\n\t<p style=\"text-align: right;\"><strong>Publicado en Web de REPROLAM<\/strong>: 05\/07\/2022<\/p>\n<p style=\"text-align: justify;\"><img loading=\"lazy\" decoding=\"async\" class=\"wp-image-3626 size-full\" src=\"http:\/\/www.reprolam.com\/wp-content\/uploads\/2022\/07\/ENCUESTA-DOSIM-BIOL-Banner.jpg\" alt=\"\" width=\"2269\" height=\"336\" srcset=\"http:\/\/www.reprolam.com\/wp-content\/uploads\/2022\/07\/ENCUESTA-DOSIM-BIOL-Banner.jpg 2269w, http:\/\/www.reprolam.com\/wp-content\/uploads\/2022\/07\/ENCUESTA-DOSIM-BIOL-Banner-300x44.jpg 300w, http:\/\/www.reprolam.com\/wp-content\/uploads\/2022\/07\/ENCUESTA-DOSIM-BIOL-Banner-1024x152.jpg 1024w, http:\/\/www.reprolam.com\/wp-content\/uploads\/2022\/07\/ENCUESTA-DOSIM-BIOL-Banner-768x114.jpg 768w, http:\/\/www.reprolam.com\/wp-content\/uploads\/2022\/07\/ENCUESTA-DOSIM-BIOL-Banner-1536x227.jpg 1536w, http:\/\/www.reprolam.com\/wp-content\/uploads\/2022\/07\/ENCUESTA-DOSIM-BIOL-Banner-2048x303.jpg 2048w\" sizes=\"(max-width: 2269px) 100vw, 2269px\" \/><\/p>\n<p style=\"text-align: justify;\">La presente encuesta forma parte de una serie de encuestas regionales promovidas por <span style=\"color: #000080;\"><strong>REPROLAM<\/strong><\/span> con el apoyo del <strong><span style=\"color: #000080;\">OIEA<\/span><\/strong>, bajo el Proyecto RLA9088, para el fortalecimiento de las capacidades regionales de los usuarios finales y las organizaciones de apoyo t\u00e9cnico de la regi\u00f3n en materia de protecci\u00f3n radiol\u00f3gica, y de preparaci\u00f3n y respuesta para casos de emergencia.<\/p>\n<p style=\"text-align: justify;\">Esta encuesta tiene como objetivo la actualizaci\u00f3n y recopilaci\u00f3n de la informaci\u00f3n acerca de las capacidades operativas en Dosimetr\u00eda Retrospectiva mediante m\u00e9todos biol\u00f3gicos en Am\u00e9rica Latina y el Caribe, a fin de continuar promoviendo la cooperaci\u00f3n e intercambio cient\u00edfico t\u00e9cnico entre los Laboratorios, la organizaci\u00f3n de ejercicios de intercomparaci\u00f3n y diversas actividades t\u00e9cnicas de inter\u00e9s.<\/p>\n<p style=\"text-align: justify;\">Al finalizar la recopilaci\u00f3n de la informaci\u00f3n suministrada, la misma ser\u00e1 analizada para la emisi\u00f3n de recomendaciones a fin de continuar con el desarrollo de la <span style=\"color: #000080;\"><strong>Dosimetr\u00eda Biol\u00f3gica<\/strong><\/span> en la regi\u00f3n, con el soporte del OIEA. Asimismo, se realizar\u00e1 la publicaci\u00f3n de un Reporte General de los laboratorios participantes a fin de visualizar las capacidades regionales.<\/p>\n<p style=\"text-align: justify;\"><span style=\"color: #000080;\"><strong>La encuesta consta de las siguientes secciones:<\/strong><\/span><\/p>\n<table style=\"border-collapse: collapse; width: 100%;\" border=\"1\">\n<tbody>\n<tr style=\"height: 26px;\">\n<td style=\"width: 6.0032%; border-style: hidden; vertical-align: top; height: 26px;\"><img loading=\"lazy\" decoding=\"async\" class=\"aligncenter size-full wp-image-653\" src=\"http:\/\/www.reprolam.com\/wp-content\/uploads\/2020\/10\/3313576-24.png\" alt=\"\" width=\"24\" height=\"24\" \/><\/td>\n<td style=\"width: 49.2647%; border-style: hidden; vertical-align: top; height: 26px;\">INFORMACI\u00d3N DE CONTACTO E INSTITUCIONAL<\/td>\n<td style=\"width: 22.7415%; border-style: hidden; vertical-align: top; height: 210px;\" rowspan=\"8\"><img loading=\"lazy\" decoding=\"async\" class=\"aligncenter size-full wp-image-3645\" src=\"http:\/\/www.reprolam.com\/wp-content\/uploads\/2022\/07\/LAB-DOSI-BIOL-AL.jpg\" alt=\"\" width=\"255\" height=\"360\" srcset=\"http:\/\/www.reprolam.com\/wp-content\/uploads\/2022\/07\/LAB-DOSI-BIOL-AL.jpg 255w, http:\/\/www.reprolam.com\/wp-content\/uploads\/2022\/07\/LAB-DOSI-BIOL-AL-213x300.jpg 213w\" sizes=\"(max-width: 255px) 100vw, 255px\" \/><\/td>\n<\/tr>\n<tr style=\"height: 24px;\">\n<td style=\"width: 6.0032%; border-style: hidden; vertical-align: top; height: 24px;\"><img loading=\"lazy\" decoding=\"async\" class=\"aligncenter size-full wp-image-653\" src=\"http:\/\/www.reprolam.com\/wp-content\/uploads\/2020\/10\/3313576-24.png\" alt=\"\" width=\"24\" height=\"24\" \/><\/td>\n<td style=\"width: 49.2647%; border-style: hidden; vertical-align: top; height: 24px;\">INFORMACI\u00d3N GENERAL<\/td>\n<\/tr>\n<tr style=\"height: 24px;\">\n<td style=\"width: 6.0032%; border-style: hidden; vertical-align: top; height: 24px;\"><img loading=\"lazy\" decoding=\"async\" class=\"aligncenter size-full wp-image-653\" src=\"http:\/\/www.reprolam.com\/wp-content\/uploads\/2020\/10\/3313576-24.png\" alt=\"\" width=\"24\" height=\"24\" \/><\/td>\n<td style=\"width: 49.2647%; border-style: hidden; vertical-align: top; height: 24px;\">MUESTRAS Y ESTIMACI\u00d3N DE DOSIS<\/td>\n<\/tr>\n<tr style=\"height: 24px;\">\n<td style=\"width: 6.0032%; border-style: hidden; vertical-align: top; height: 24px;\"><img loading=\"lazy\" decoding=\"async\" class=\"aligncenter size-full wp-image-653\" src=\"http:\/\/www.reprolam.com\/wp-content\/uploads\/2020\/10\/3313576-24.png\" alt=\"\" width=\"24\" height=\"24\" \/><\/td>\n<td style=\"width: 49.2647%; border-style: hidden; vertical-align: top; height: 24px;\">T\u00c9CNICAS Y HERRAMIENTAS<\/td>\n<\/tr>\n<tr style=\"height: 22px;\">\n<td style=\"width: 6.0032%; border-style: hidden; vertical-align: top; height: 22px;\"><img loading=\"lazy\" decoding=\"async\" class=\"aligncenter size-full wp-image-653\" src=\"http:\/\/www.reprolam.com\/wp-content\/uploads\/2020\/10\/3313576-24.png\" alt=\"\" width=\"24\" height=\"24\" \/><\/td>\n<td style=\"width: 49.2647%; border-style: hidden; vertical-align: top; height: 22px;\">EXPERIENCIA CON BIODOSIMETR\u00cdA in vivo<\/td>\n<\/tr>\n<tr style=\"height: 18px;\">\n<td style=\"width: 6.0032%; border-style: hidden; vertical-align: top; height: 18px;\"><img loading=\"lazy\" decoding=\"async\" class=\"aligncenter size-full wp-image-653\" src=\"http:\/\/www.reprolam.com\/wp-content\/uploads\/2020\/10\/3313576-24.png\" alt=\"\" width=\"24\" height=\"24\" \/><\/td>\n<td style=\"width: 49.2647%; border-style: hidden; vertical-align: top; height: 18px;\">EXPERIENCIA COLABORATIVA Y REDES<\/td>\n<\/tr>\n<tr style=\"height: 24px;\">\n<td style=\"width: 6.0032%; border-style: hidden; vertical-align: top; height: 24px;\"><img loading=\"lazy\" decoding=\"async\" class=\"aligncenter size-full wp-image-653\" src=\"http:\/\/www.reprolam.com\/wp-content\/uploads\/2020\/10\/3313576-24.png\" alt=\"\" width=\"24\" height=\"24\" \/><\/td>\n<td style=\"width: 49.2647%; border-style: hidden; vertical-align: top; height: 24px;\">NECESIDADES<\/td>\n<\/tr>\n<tr style=\"height: 48px;\">\n<td style=\"width: 6.0032%; border-style: hidden; vertical-align: top; height: 48px;\"><img loading=\"lazy\" decoding=\"async\" class=\"aligncenter size-full wp-image-653\" src=\"http:\/\/www.reprolam.com\/wp-content\/uploads\/2020\/10\/3313576-24.png\" alt=\"\" width=\"24\" height=\"24\" \/><\/td>\n<td style=\"width: 49.2647%; border-style: hidden; vertical-align: top; height: 48px;\">CAPACIDADES OPERATIVAS EN PANDEMIA<\/td>\n<\/tr>\n<\/tbody>\n<\/table>\n<p style=\"text-align: justify;\">La encuesta estar\u00e1 disponible a partir del 04 de Julio 2022 y finalizar\u00e1 el 04 de Agosto 2022.<\/p>\n<p>&nbsp;<\/p>\n<p style=\"text-align: justify;\">El link de la encuesta es: \u00a0\u00a0<a href=\"https:\/\/forms.gle\/AnxtQyB6LLeiTnhE9\" target=\"_blank\" rel=\"noopener\">https:\/\/forms.gle\/AnxtQyB6LLeiTnhE9<\/a><\/p>\n<p style=\"text-align: justify;\">Ante cualquier consulta relacionada con la encuesta, podr\u00e1 contactarse con: <a href=\"mailto:jrearte@arn.gob.ar\">jrearte@arn.gob.ar<\/a> y <a href=\"mailto:tania@cphr.edu.cu\">tania@cphr.edu.cu<\/a><\/p>\n<\/div>\n<\/div><\/div><\/div><\/div><\/div><\/div><\/div>\n\n\n<p><\/p>\n","protected":false},"excerpt":{"rendered":"<p>La presente encuesta forma parte de una serie de encuestas regionales promovidas por REPROLAM con el apoyo del OIEA &#8230;<\/p>\n","protected":false},"author":1,"featured_media":3637,"parent":0,"menu_order":0,"comment_status":"closed","ping_status":"closed","template":"page-templates\/page-builder.php","meta":{"footnotes":""},"_links":{"self":[{"href":"http:\/\/www.reprolam.com\/index.php?rest_route=\/wp\/v2\/pages\/3625"}],"collection":[{"href":"http:\/\/www.reprolam.com\/index.php?rest_route=\/wp\/v2\/pages"}],"about":[{"href":"http:\/\/www.reprolam.com\/index.php?rest_route=\/wp\/v2\/types\/page"}],"author":[{"embeddable":true,"href":"http:\/\/www.reprolam.com\/index.php?rest_route=\/wp\/v2\/users\/1"}],"replies":[{"embeddable":true,"href":"http:\/\/www.reprolam.com\/index.php?rest_route=%2Fwp%2Fv2%2Fcomments&post=3625"}],"version-history":[{"count":13,"href":"http:\/\/www.reprolam.com\/index.php?rest_route=\/wp\/v2\/pages\/3625\/revisions"}],"predecessor-version":[{"id":3650,"href":"http:\/\/www.reprolam.com\/index.php?rest_route=\/wp\/v2\/pages\/3625\/revisions\/3650"}],"wp:featuredmedia":[{"embeddable":true,"href":"http:\/\/www.reprolam.com\/index.php?rest_route=\/wp\/v2\/media\/3637"}],"wp:attachment":[{"href":"http:\/\/www.reprolam.com\/index.php?rest_route=%2Fwp%2Fv2%2Fmedia&parent=3625"}],"curies":[{"name":"wp","href":"https:\/\/api.w.org\/{rel}","templated":true}]}}