{"id":43,"date":"2020-09-22T14:48:59","date_gmt":"2020-09-22T14:48:59","guid":{"rendered":"http:\/\/www.reprolam.com\/?page_id=43"},"modified":"2022-06-28T19:49:39","modified_gmt":"2022-06-28T19:49:39","slug":"que-es-reprolam","status":"publish","type":"page","link":"http:\/\/www.reprolam.com\/?page_id=43","title":{"rendered":"\u00bfQue es REPROLAM?"},"content":{"rendered":"<div id=\"pl-gb43-69f7b3761b830\"  class=\"panel-layout\" ><div id=\"pg-gb43-69f7b3761b830-0\"  class=\"panel-grid panel-no-style\" ><div id=\"pgc-gb43-69f7b3761b830-0-0\"  class=\"panel-grid-cell\" ><div id=\"panel-gb43-69f7b3761b830-0-0-0\" class=\"so-panel widget widget_sow-editor panel-first-child panel-last-child\" data-index=\"0\" ><div class=\"panel-widget-style panel-widget-style-for-gb43-69f7b3761b830-0-0-0\" ><div\n\t\t\t\n\t\t\tclass=\"so-widget-sow-editor so-widget-sow-editor-base\"\n\t\t\t\n\t\t>\n<div class=\"siteorigin-widget-tinymce textwidget\">\n\t<p>&nbsp;<\/p>\n<p style=\"text-align: justify;\">REPROLAM es una Red de Optimizaci\u00f3n de Protecci\u00f3n Radiol\u00f3gica Ocupacional en Latinoam\u00e9rica y el Caribe; es una sociedad de car\u00e1cter cient\u00edfico y cultural, sin fines de lucro, ni pol\u00edtico, religioso o racial, de duraci\u00f3n ilimitada. Se define como una red regional ALARA en la plataforma de ORPNET, la red del OIEA que tiene el objetivo de promover la optimizaci\u00f3n de la protecci\u00f3n radiol\u00f3gica ocupacional. Soporta su funcionamiento sobre un entorno din\u00e1mico de desarrollo de tecnolog\u00edas de la informaci\u00f3n y las redes sociales.<\/p>\n<p style=\"text-align: justify;\"><span style=\"color: #031e6b;\"><strong>\u00bfPOR QU\u00c9 NECESITAMOS UNA RED?<\/strong><\/span><\/p>\n<table style=\"width: 100%; border-collapse: collapse; border-style: none;\" border=\"0\" cellpadding=\"0\">\n<tbody>\n<tr>\n<td style=\"width: 6.12903%; vertical-align: top;\"><img loading=\"lazy\" decoding=\"async\" class=\"aligncenter size-full wp-image-653\" src=\"http:\/\/www.reprolam.com\/wp-content\/uploads\/2020\/10\/3313576-24.png\" alt=\"\" width=\"24\" height=\"24\" \/><\/td>\n<td style=\"width: 93.871%; text-align: justify; vertical-align: top;\">Los problemas potenciales en la optimizaci\u00f3n de la protecci\u00f3n radiol\u00f3gica.<\/td>\n<\/tr>\n<tr>\n<td style=\"width: 6.12903%; vertical-align: top;\"><img loading=\"lazy\" decoding=\"async\" class=\"aligncenter size-full wp-image-653\" src=\"http:\/\/www.reprolam.com\/wp-content\/uploads\/2020\/10\/3313576-24.png\" alt=\"\" width=\"24\" height=\"24\" \/><\/td>\n<td style=\"width: 93.871%; text-align: justify; vertical-align: top;\">Promover la aplicaci\u00f3n del principio ALARA en: la industria no nuclear, investigaci\u00f3n y los sectores m\u00e9dico y el ciclo del combustible nuclear;<\/td>\n<\/tr>\n<tr>\n<td style=\"width: 6.12903%; vertical-align: top;\"><img loading=\"lazy\" decoding=\"async\" class=\"aligncenter size-full wp-image-653\" src=\"http:\/\/www.reprolam.com\/wp-content\/uploads\/2020\/10\/3313576-24.png\" alt=\"\" width=\"24\" height=\"24\" \/><\/td>\n<td style=\"width: 93.871%; text-align: justify; vertical-align: top;\">Proporcionar los medios para la retroalimentaci\u00f3n, el intercambio y la difusi\u00f3n de buenas pr\u00e1cticas de protecci\u00f3n radiol\u00f3gica;<\/td>\n<\/tr>\n<tr>\n<td style=\"width: 6.12903%; vertical-align: top;\"><img loading=\"lazy\" decoding=\"async\" class=\"aligncenter size-full wp-image-653\" src=\"http:\/\/www.reprolam.com\/wp-content\/uploads\/2020\/10\/3313576-24.png\" alt=\"\" width=\"24\" height=\"24\" \/><\/td>\n<td style=\"width: 93.871%; text-align: justify; vertical-align: top;\">Proporcionar a los trabajadores, operadores y otras partes interesadas las recomendaciones relativas a cuestiones de protecci\u00f3n radiol\u00f3gica (proyectos de investigaci\u00f3n, reglamentos, bases de datos, talleres, etc.)<\/td>\n<\/tr>\n<tr>\n<td style=\"width: 6.12903%; vertical-align: top;\"><img loading=\"lazy\" decoding=\"async\" class=\"aligncenter size-full wp-image-653\" src=\"http:\/\/www.reprolam.com\/wp-content\/uploads\/2020\/10\/3313576-24.png\" alt=\"\" width=\"24\" height=\"24\" \/><\/td>\n<td style=\"width: 93.871%; text-align: justify; vertical-align: top;\">Mejorar la cultura de la seguridad.<\/td>\n<\/tr>\n<tr>\n<td style=\"width: 6.12903%; vertical-align: top;\"><img loading=\"lazy\" decoding=\"async\" class=\"aligncenter size-full wp-image-653\" src=\"http:\/\/www.reprolam.com\/wp-content\/uploads\/2020\/10\/3313576-24.png\" alt=\"\" width=\"24\" height=\"24\" \/><\/td>\n<td style=\"width: 93.871%; text-align: justify; vertical-align: top;\">Armonizar y desarrollar un buen nivel de formaci\u00f3n.<\/td>\n<\/tr>\n<tr>\n<td style=\"width: 6.12903%; vertical-align: top;\"><img loading=\"lazy\" decoding=\"async\" class=\"aligncenter size-full wp-image-653\" src=\"http:\/\/www.reprolam.com\/wp-content\/uploads\/2020\/10\/3313576-24.png\" alt=\"\" width=\"24\" height=\"24\" \/><\/td>\n<td style=\"width: 93.871%; text-align: justify; vertical-align: top;\">Desarrollar la gesti\u00f3n de la exposici\u00f3n interna.<\/td>\n<\/tr>\n<tr>\n<td style=\"width: 6.12903%; vertical-align: top;\"><img loading=\"lazy\" decoding=\"async\" class=\"aligncenter size-full wp-image-653\" src=\"http:\/\/www.reprolam.com\/wp-content\/uploads\/2020\/10\/3313576-24.png\" alt=\"\" width=\"24\" height=\"24\" \/><\/td>\n<td style=\"width: 93.871%; text-align: justify; vertical-align: top;\">Participaci\u00f3n de los trabajadores en la gesti\u00f3n del riesgo radiol\u00f3gico.<\/td>\n<\/tr>\n<tr>\n<td style=\"width: 6.12903%; vertical-align: top;\"><img loading=\"lazy\" decoding=\"async\" class=\"aligncenter size-full wp-image-653\" src=\"http:\/\/www.reprolam.com\/wp-content\/uploads\/2020\/10\/3313576-24.png\" alt=\"\" width=\"24\" height=\"24\" \/><\/td>\n<td style=\"width: 93.871%; text-align: justify; vertical-align: top;\">Para establecer sistemas adecuados de respuesta de incidentes y accidentes.<\/td>\n<\/tr>\n<\/tbody>\n<\/table>\n<p style=\"text-align: justify;\">Las actividades de REPROLAM estar\u00e1n orientadas a la consolidaci\u00f3n de \u00e9sta como una red sostenible, que ayude en los procesos de optimizaci\u00f3n de la protecci\u00f3n radiol\u00f3gica ocupacional, para que promocione la integraci\u00f3n y participaci\u00f3n de profesionales de los estados miembros, as\u00ed como de otras redes y partes interesadas.<\/p>\n<p style=\"text-align: justify;\">REPROLAM busca ampliar la cooperaci\u00f3n acad\u00e9mica y cient\u00edfica entre sus miembros, con el objetivo de fomentar que la protecci\u00f3n radiol\u00f3gica de los trabajadores sea adecuada.<\/p>\n<p>&nbsp;<\/p>\n<p>&nbsp;<\/p>\n<p>&nbsp;<\/p>\n<p style=\"text-align: justify;\">\n<\/div>\n<\/div><\/div><\/div><\/div><div id=\"pgc-gb43-69f7b3761b830-0-1\"  class=\"panel-grid-cell\" ><div id=\"panel-gb43-69f7b3761b830-0-1-0\" class=\"so-panel widget widget_sow-simple-masonry panel-first-child panel-last-child\" data-index=\"1\" ><div class=\"panel-widget-style panel-widget-style-for-gb43-69f7b3761b830-0-1-0\" ><div\n\t\t\t\n\t\t\tclass=\"so-widget-sow-simple-masonry so-widget-sow-simple-masonry-default-e14a0aa780eb-43\"\n\t\t\t\n\t\t>\n\n\t<div class=\"sow-masonry-grid-preloader\"><div><\/div><div><\/div><div><\/div><div><\/div><\/div>\n<div class=\"sow-masonry-grid\"\n\tdata-layouts=\"{&quot;desktop&quot;:{&quot;numColumns&quot;:1,&quot;rowHeight&quot;:0,&quot;gutter&quot;:2},&quot;tablet&quot;:{&quot;breakPoint&quot;:768,&quot;numColumns&quot;:1,&quot;rowHeight&quot;:0,&quot;gutter&quot;:2},&quot;mobile&quot;:{&quot;breakPoint&quot;:480,&quot;numColumns&quot;:1,&quot;rowHeight&quot;:0,&quot;gutter&quot;:2}}\" data-layout-origin-left=\"true\" style=\"opacity: 0;\">\n\t\t\t\t<div class=\"sow-masonry-grid-item\" data-col-span=\"1\"\n\t\t\t\tdata-row-span=\"1\">\n\t\t\t\t\n\t\t\t\t\n\t\t\t\t<img loading=\"lazy\" decoding=\"async\" width=\"312\" height=\"162\" src=\"http:\/\/www.reprolam.com\/wp-content\/uploads\/2020\/09\/REDES.jpg\" class=\"sow-masonry-grid-image\" alt=\"\" title=\"\" srcset=\"http:\/\/www.reprolam.com\/wp-content\/uploads\/2020\/09\/REDES.jpg 312w, http:\/\/www.reprolam.com\/wp-content\/uploads\/2020\/09\/REDES-300x156.jpg 300w\" sizes=\"(max-width: 312px) 100vw, 312px\" \/>\n\t\t\t\t\n\t\t\t\t\t\t\t<\/div>\n\t\t\t\t\t\t<div class=\"sow-masonry-grid-item\" data-col-span=\"1\"\n\t\t\t\tdata-row-span=\"1\">\n\t\t\t\t\n\t\t\t\t\n\t\t\t\t<img loading=\"lazy\" decoding=\"async\" width=\"900\" height=\"600\" src=\"http:\/\/www.reprolam.com\/wp-content\/uploads\/2020\/09\/PROT-RAD-01.jpg\" class=\"sow-masonry-grid-image\" alt=\"\" title=\"\" srcset=\"http:\/\/www.reprolam.com\/wp-content\/uploads\/2020\/09\/PROT-RAD-01.jpg 900w, http:\/\/www.reprolam.com\/wp-content\/uploads\/2020\/09\/PROT-RAD-01-300x200.jpg 300w, http:\/\/www.reprolam.com\/wp-content\/uploads\/2020\/09\/PROT-RAD-01-768x512.jpg 768w, http:\/\/www.reprolam.com\/wp-content\/uploads\/2020\/09\/PROT-RAD-01-272x182.jpg 272w\" sizes=\"(max-width: 900px) 100vw, 900px\" \/>\n\t\t\t\t\n\t\t\t\t\t\t\t<\/div>\n\t\t\t\t\t\t<div class=\"sow-masonry-grid-item\" data-col-span=\"1\"\n\t\t\t\tdata-row-span=\"1\">\n\t\t\t\t\n\t\t\t\t\n\t\t\t\t<img loading=\"lazy\" decoding=\"async\" width=\"400\" height=\"300\" src=\"http:\/\/www.reprolam.com\/wp-content\/uploads\/2020\/09\/DOSI-COMPUAT.jpg\" class=\"sow-masonry-grid-image\" alt=\"\" title=\"\" srcset=\"http:\/\/www.reprolam.com\/wp-content\/uploads\/2020\/09\/DOSI-COMPUAT.jpg 400w, http:\/\/www.reprolam.com\/wp-content\/uploads\/2020\/09\/DOSI-COMPUAT-300x225.jpg 300w\" sizes=\"(max-width: 400px) 100vw, 400px\" \/>\n\t\t\t\t\n\t\t\t\t\t\t\t<\/div>\n\t\t\t\n<\/div>\n<\/div><\/div><\/div><\/div><\/div><\/div>\n\n\n<p><\/p>\n","protected":false},"excerpt":{"rendered":"<p>&nbsp; REPROLAM es una Red de Optimizaci\u00f3n de Protecci\u00f3n Radiol\u00f3gica Ocupacional en Latinoam\u00e9rica y el Caribe; es una sociedad de car\u00e1cter cient\u00edfico y cultural, sin fines de lucro, ni pol\u00edtico, religioso o racial, de duraci\u00f3n ilimitada. Se define como una<\/p>\n","protected":false},"author":1,"featured_media":0,"parent":13,"menu_order":0,"comment_status":"closed","ping_status":"closed","template":"page-templates\/page-builder.php","meta":{"footnotes":""},"_links":{"self":[{"href":"http:\/\/www.reprolam.com\/index.php?rest_route=\/wp\/v2\/pages\/43"}],"collection":[{"href":"http:\/\/www.reprolam.com\/index.php?rest_route=\/wp\/v2\/pages"}],"about":[{"href":"http:\/\/www.reprolam.com\/index.php?rest_route=\/wp\/v2\/types\/page"}],"author":[{"embeddable":true,"href":"http:\/\/www.reprolam.com\/index.php?rest_route=\/wp\/v2\/users\/1"}],"replies":[{"embeddable":true,"href":"http:\/\/www.reprolam.com\/index.php?rest_route=%2Fwp%2Fv2%2Fcomments&post=43"}],"version-history":[{"count":62,"href":"http:\/\/www.reprolam.com\/index.php?rest_route=\/wp\/v2\/pages\/43\/revisions"}],"predecessor-version":[{"id":3619,"href":"http:\/\/www.reprolam.com\/index.php?rest_route=\/wp\/v2\/pages\/43\/revisions\/3619"}],"up":[{"embeddable":true,"href":"http:\/\/www.reprolam.com\/index.php?rest_route=\/wp\/v2\/pages\/13"}],"wp:attachment":[{"href":"http:\/\/www.reprolam.com\/index.php?rest_route=%2Fwp%2Fv2%2Fmedia&parent=43"}],"curies":[{"name":"wp","href":"https:\/\/api.w.org\/{rel}","templated":true}]}}