{"id":4631,"date":"2023-09-14T15:41:16","date_gmt":"2023-09-14T15:41:16","guid":{"rendered":"http:\/\/www.reprolam.com\/?page_id=4631"},"modified":"2023-09-14T15:41:18","modified_gmt":"2023-09-14T15:41:18","slug":"registro-de-centros-proveedores-de-servicios-de-dosimetria-interna-inscritos-en-el-directorio-ldi-reprolam","status":"publish","type":"page","link":"http:\/\/www.reprolam.com\/?page_id=4631","title":{"rendered":"Registro de Centros Proveedores de Servicios de Dosimetr\u00eda Interna inscritos en el Directorio LDI-REPROLAM"},"content":{"rendered":"<div id=\"pl-gb4631-69f79c78cdf6b\"  class=\"panel-layout\" ><div id=\"pg-gb4631-69f79c78cdf6b-0\"  class=\"panel-grid panel-has-style\" ><div class=\"panel-row-style panel-row-style-for-gb4631-69f79c78cdf6b-0\" ><div id=\"pgc-gb4631-69f79c78cdf6b-0-0\"  class=\"panel-grid-cell\" ><div id=\"panel-gb4631-69f79c78cdf6b-0-0-0\" class=\"so-panel widget widget_siteorigin-panels-builder panel-first-child panel-last-child\" data-index=\"0\" ><div class=\"panel-widget-style panel-widget-style-for-gb4631-69f79c78cdf6b-0-0-0\" ><div id=\"pl-w65032998cb7ac\"  class=\"panel-layout\" ><div id=\"pg-w65032998cb7ac-0\"  class=\"panel-grid panel-no-style\" ><div id=\"pgc-w65032998cb7ac-0-0\"  class=\"panel-grid-cell\" ><div id=\"panel-w65032998cb7ac-0-0-0\" class=\"so-panel widget widget_sow-editor panel-first-child panel-last-child\" data-index=\"0\" ><div\n\t\t\t\n\t\t\tclass=\"so-widget-sow-editor so-widget-sow-editor-base\"\n\t\t\t\n\t\t>\n<div class=\"siteorigin-widget-tinymce textwidget\">\n\t<p><img loading=\"lazy\" decoding=\"async\" class=\"aligncenter size-large wp-image-4632\" src=\"http:\/\/www.reprolam.com\/wp-content\/uploads\/2023\/09\/REPORTE1-G1-1024x655.png\" alt=\"\" width=\"750\" height=\"480\" srcset=\"http:\/\/www.reprolam.com\/wp-content\/uploads\/2023\/09\/REPORTE1-G1-1024x655.png 1024w, http:\/\/www.reprolam.com\/wp-content\/uploads\/2023\/09\/REPORTE1-G1-300x192.png 300w, http:\/\/www.reprolam.com\/wp-content\/uploads\/2023\/09\/REPORTE1-G1-768x491.png 768w, http:\/\/www.reprolam.com\/wp-content\/uploads\/2023\/09\/REPORTE1-G1.png 1325w\" sizes=\"(max-width: 750px) 100vw, 750px\" \/><\/p>\n<\/div>\n<\/div><\/div><\/div><\/div><\/div><\/div><\/div><\/div><div id=\"pgc-gb4631-69f79c78cdf6b-0-1\"  class=\"panel-grid-cell\" ><div id=\"panel-gb4631-69f79c78cdf6b-0-1-0\" class=\"so-panel widget widget_sow-editor panel-first-child panel-last-child\" data-index=\"1\" ><div class=\"panel-widget-style panel-widget-style-for-gb4631-69f79c78cdf6b-0-1-0\" ><div\n\t\t\t\n\t\t\tclass=\"so-widget-sow-editor so-widget-sow-editor-base\"\n\t\t\t\n\t\t>\n<div class=\"siteorigin-widget-tinymce textwidget\">\n\t<p><img loading=\"lazy\" decoding=\"async\" class=\"aligncenter size-full wp-image-4633\" src=\"http:\/\/www.reprolam.com\/wp-content\/uploads\/2023\/09\/REPORTE1-F1.png\" alt=\"\" width=\"466\" height=\"352\" srcset=\"http:\/\/www.reprolam.com\/wp-content\/uploads\/2023\/09\/REPORTE1-F1.png 466w, http:\/\/www.reprolam.com\/wp-content\/uploads\/2023\/09\/REPORTE1-F1-300x227.png 300w\" sizes=\"(max-width: 466px) 100vw, 466px\" \/><\/p>\n<\/div>\n<\/div><\/div><\/div><\/div><\/div><\/div><div id=\"pg-gb4631-69f79c78cdf6b-1\"  class=\"panel-grid panel-has-style\" ><div class=\"panel-row-style panel-row-style-for-gb4631-69f79c78cdf6b-1\" ><div id=\"pgc-gb4631-69f79c78cdf6b-1-0\"  class=\"panel-grid-cell\" ><div id=\"panel-gb4631-69f79c78cdf6b-1-0-0\" class=\"so-panel widget widget_sow-editor panel-first-child panel-last-child\" data-index=\"2\" ><div class=\"panel-widget-style panel-widget-style-for-gb4631-69f79c78cdf6b-1-0-0\" ><div\n\t\t\t\n\t\t\tclass=\"so-widget-sow-editor so-widget-sow-editor-base\"\n\t\t\t\n\t\t>\n<div class=\"siteorigin-widget-tinymce textwidget\">\n\t\n<table id=\"tablepress-82\" class=\"tablepress tablepress-id-82\">\n<thead>\n<tr class=\"row-1\">\n\t<th class=\"column-1\">COD. REG.<\/th><th class=\"column-2\">INSTITUCI\u00d3N<\/th><th class=\"column-3\">PA\u00cdS<\/th><th class=\"column-4\">DIRECCI\u00d3N<\/th><th class=\"column-5\">LABORATORIO<\/th><th class=\"column-6\">RESPONSABLE LABORATORIO<\/th><th class=\"column-7\">E mail DE CONTACTO<\/th>\n<\/tr>\n<\/thead>\n<tbody class=\"row-striping row-hover\">\n<tr class=\"row-2\">\n\t<td class=\"column-1\">LDI-001<\/td><td class=\"column-2\">Comisi\u00f3n Nacional de Energ\u00eda At\u00f3mica (CNEA)<\/td><td class=\"column-3\">ARGENTINA<\/td><td class=\"column-4\">Presb\u00edtero Gonz\u00e1lez y Arag\u00f3n 15.Ezeiza,Bs Aires. Argentina <\/td><td class=\"column-5\">Laboratorio de Dosimetr\u00eda Personal y de \u00c1rea<\/td><td class=\"column-6\">Andrea Rojas<\/td><td class=\"column-7\">arojas@cnea.gob.ar<\/td>\n<\/tr>\n<tr class=\"row-3\">\n\t<td class=\"column-1\">LDI-002<\/td><td class=\"column-2\">Autoridad Regulatoria Nuclear (ARN)<\/td><td class=\"column-3\">ARGENTINA<\/td><td class=\"column-4\">Av. Libertador 8250, CABA, Buenos Aires,C1429BNP, Argentina<\/td><td class=\"column-5\">Laboratorio de Dosimetr\u00eda Interna (LDI)<\/td><td class=\"column-6\">Erica Pedemonti<\/td><td class=\"column-7\">labdosimetriainterna@arn.gob.ar<\/td>\n<\/tr>\n<tr class=\"row-4\">\n\t<td class=\"column-1\">LDI-003<\/td><td class=\"column-2\">Autoridad Regulatoria Nuclear (ARN)<\/td><td class=\"column-3\">ARGENTINA<\/td><td class=\"column-4\">Libertador 8250,CABA, C1429BNP,Argentina <\/td><td class=\"column-5\">Departamento de Dosimetr\u00eda Interna<\/td><td class=\"column-6\">Andres Rossini<\/td><td class=\"column-7\">arossini@arn.gob.ar<\/td>\n<\/tr>\n<tr class=\"row-5\">\n\t<td class=\"column-1\">LDI-004<\/td><td class=\"column-2\">Instituto Nacional de Medicina Nuclear (INAMEN)<\/td><td class=\"column-3\">BOLIVIA<\/td><td class=\"column-4\">Calle Mayor Rafael Zubieta N\u00ba1555, La Paz<\/td><td class=\"column-5\">Servicio de Estudios con I-131<\/td><td class=\"column-6\">Julio Cesar Gutierrez Condori<\/td><td class=\"column-7\">julcesrad619@gmail.com<\/td>\n<\/tr>\n<tr class=\"row-6\">\n\t<td class=\"column-1\">LDI-005<\/td><td class=\"column-2\">Hospital de Cl\u00ednicas de Porto Alegre (HCPA)<\/td><td class=\"column-3\">BRASIL<\/td><td class=\"column-4\">Calle Ramiro Barcelos N\u00famero 2350. Ciudade: Porto Alegre\/RS. CP: 90035-903. Brasil<\/td><td class=\"column-5\">Servicio de F\u00edsica M\u00e9dica y Radioprotecci\u00f3n<\/td><td class=\"column-6\">Andreia Caroline Fischer<\/td><td class=\"column-7\">acfischer@hcpa.edu.br<\/td>\n<\/tr>\n<tr class=\"row-7\">\n\t<td class=\"column-1\">LDI-006<\/td><td class=\"column-2\">Centro de Desenvolvimiento de Tecnolog\u00eda Nuclear (CDTN\/CNEN)<\/td><td class=\"column-3\">BRASIL<\/td><td class=\"column-4\">Avenida Presidente Ant\u00f4nio Carlos, Rua M\u00e1rio Werneck, 6627 &#8211; S\/N &#8211; Pampulha, Belo Horizonte &#8211; MG, 31270-901<\/td><td class=\"column-5\">Laboratorio de Dosimetr\u00eda Interna &#8211; LDI<\/td><td class=\"column-6\">Bruno Melo Mendes<\/td><td class=\"column-7\">bmm@cdtn.br<\/td>\n<\/tr>\n<tr class=\"row-8\">\n\t<td class=\"column-1\">LDI-007<\/td><td class=\"column-2\">ELETROBRAS Termonuclear S.A <\/td><td class=\"column-3\">BRASIL<\/td><td class=\"column-4\">Rodovia Procurador Haroldo Fernandes DuarteBR101\/RJ,S\/N km 521,56 \u2013 Itaorna Angra dos Reis \u2013 RJ CEP: 23948\u2013000<\/td><td class=\"column-5\">Laboratorio de Monitorizaci\u00f3n Interna (LMI),  Divisi\u00f3n de Protecci\u00f3n Radiol\u00f3gica<\/td><td class=\"column-6\">Marco Aur\u00e9lio Pinheiro Ramos<\/td><td class=\"column-7\">mramos@eletronuclear.gov.br<\/td>\n<\/tr>\n<tr class=\"row-9\">\n\t<td class=\"column-1\">LDI-008<\/td><td class=\"column-2\">Pronto Socorro Cardiol\u00f3gico de Pernambuco (PROCAPE)<\/td><td class=\"column-3\">BRASIL<\/td><td class=\"column-4\">Rua dos Palmares, 256, Recife-Pernambuco, Brasil<\/td><td class=\"column-5\">En desarrollo <\/td><td class=\"column-6\">Joelan Angelo de Lucena Santos<\/td><td class=\"column-7\">tecmed.radioprotecao@gmail.com<\/td>\n<\/tr>\n<tr class=\"row-10\">\n\t<td class=\"column-1\">LDI-009<\/td><td class=\"column-2\">Instituto de Radioprotecci\u00f3n y Dosimetr\u00eda (IRD)<\/td><td class=\"column-3\">BRASIL<\/td><td class=\"column-4\">Av Salvador Allende, 3.773 &#8211; Barra da Tijuca Rio de Janeiro &#8211; RJ &#8211; Brasil CEP &#8211; 22783-127<\/td><td class=\"column-5\">Dosimetr\u00eda Interna Ocupacional<\/td><td class=\"column-6\">Bernardo Maranh\u00e3o Dantas<\/td><td class=\"column-7\">bernardo.dantas@ird.gov.br<\/td>\n<\/tr>\n<tr class=\"row-11\">\n\t<td class=\"column-1\">LDI-010<\/td><td class=\"column-2\">Comisi\u00f3n Chilena de Energ\u00eda Nuclear (CCHEN)<\/td><td class=\"column-3\">CHILE<\/td><td class=\"column-4\">Avenida Nueva Bilbao 12501, Las Condes, Santiago de Chile.<\/td><td class=\"column-5\">Laboratorio de Dosimetr\u00eda Interna<\/td><td class=\"column-6\">Leslie Vironneau Janicek<\/td><td class=\"column-7\">leslie.vironneau@cchen.cl<\/td>\n<\/tr>\n<tr class=\"row-12\">\n\t<td class=\"column-1\">LDI-011<\/td><td class=\"column-2\">Escuela de F\u00edsica. Universidad Nacional de Colombia &#8211; Sede Medell\u00edn (UNAL-EF)<\/td><td class=\"column-3\">COLOMBIA<\/td><td class=\"column-4\">Carrera 65 No. 59A &#8211; 110<\/td><td class=\"column-5\">Laboratorio de Bioanalisis del Grupo de F\u00edsica Radiol\u00f3gica <\/td><td class=\"column-6\">Jorge Anselmo Puerta Ortiz<\/td><td class=\"column-7\">japuerta@unal.edu.co<\/td>\n<\/tr>\n<tr class=\"row-13\">\n\t<td class=\"column-1\">LDI-012<\/td><td class=\"column-2\">Centro de Investigaci\u00f3n en Ciencias At\u00f3micas, Nucleares y Moleculares (CICANUM), Universidad de Costa Rica<\/td><td class=\"column-3\">COSTA RICA<\/td><td class=\"column-4\">Ciudad de la Investigaci\u00f3n, CICANUM, Laboratorio Ciclotr\u00f3n PET\/CT, San Pedro Montes de Oca, San Jos\u00e9, Costa Rica<\/td><td class=\"column-5\">Laboratorio Ciclotr\u00f3n PET\/CT.<\/td><td class=\"column-6\">Erick Mora Ramirez<\/td><td class=\"column-7\">erick.mora@ucr.ac.cr<\/td>\n<\/tr>\n<tr class=\"row-14\">\n\t<td class=\"column-1\">LDI-013<\/td><td class=\"column-2\">Centro de Protecci\u00f3n e Higiene de las Radiaciones (CPHR)<\/td><td class=\"column-3\">CUBA<\/td><td class=\"column-4\">Carretera La Victoria II Km 2\u00bd. e\/ Monumental y Final, Guanabacoa. La Habana<\/td><td class=\"column-5\">Laboratorio de Dosimetr\u00eda Interna (LDI)<\/td><td class=\"column-6\">Ailza Castro Soler<\/td><td class=\"column-7\">ailza@cphr.edu.cu<\/td>\n<\/tr>\n<tr class=\"row-15\">\n\t<td class=\"column-1\">LDI-014<\/td><td class=\"column-2\">Subsecretaria de Control y Aplicaciones Nucleares (SCAN). <\/td><td class=\"column-3\">ECUADOR<\/td><td class=\"column-4\">AV. REP\u00daBLICA DE EL SALVADOR N36-64 Y SUECIA, QUITO, 170135, ECUADOR<\/td><td class=\"column-5\">Laboratorio de Dosimetr\u00eda Personal<\/td><td class=\"column-6\">BYRON WILFRIDO BASTIDAS AUQUILLA<\/td><td class=\"column-7\">byron.bastidas@recursosyenergia.gob.ec<\/td>\n<\/tr>\n<tr class=\"row-16\">\n\t<td class=\"column-1\">LDI-015<\/td><td class=\"column-2\">Centro de Investigaciones y Aplicaciones Nucleares (CIAN), Universidad de El Salvador<\/td><td class=\"column-3\">EL SALVADOR<\/td><td class=\"column-4\">Final 25 avenida norte, Ciudad Universitaria, San Salvador, CP 01101, El Salvador.<\/td><td class=\"column-5\">Servicio de Dosimetr\u00eda Interna<\/td><td class=\"column-6\">Julio Payes. Docente<\/td><td class=\"column-7\">julio.payes@ues.edu.sv<\/td>\n<\/tr>\n<tr class=\"row-17\">\n\t<td class=\"column-1\">LDI-016<\/td><td class=\"column-2\">Ministerio de Energ\u00eda y Minas (MEM),   \u00c1rea de Aplicaciones Nucleares.<\/td><td class=\"column-3\">GUATEMALA<\/td><td class=\"column-4\">24 calle 21-12 zona 12; Ciudad de Guatemala, Guatemala<\/td><td class=\"column-5\">Laboratorio de Dosimetr\u00eda Interna<\/td><td class=\"column-6\">Jos\u00e9 Diego Alejandro G\u00f3mez Vargas<\/td><td class=\"column-7\">diegogv226@gmail.com<\/td>\n<\/tr>\n<tr class=\"row-18\">\n\t<td class=\"column-1\">LDI-017<\/td><td class=\"column-2\">Instituto Nacional de Investigaciones Nucleares (ININ)<\/td><td class=\"column-3\">M\u00c9XICO<\/td><td class=\"column-4\">Carretera M\u00e9xico-Toluca s\/n, La Marquesa, Ocoyoacac, Estado de M\u00e9xico, C.P. 52750 M\u00e9xico<\/td><td class=\"column-5\">Laboratorio de Dosimetr\u00eda Interna del ININ<\/td><td class=\"column-6\">Mar\u00eda de las Mercedes Alfaro L\u00f3pez  <\/td><td class=\"column-7\">mercedes.alfaro@inin.gob.mx<\/td>\n<\/tr>\n<tr class=\"row-19\">\n\t<td class=\"column-1\">LDI-018<\/td><td class=\"column-2\">Laboratorio de F\u00edsica de Radiaciones y Metrolog\u00eda (LAF-RAM). Universidad Nacional Aut\u00f3noma de Nicaragua<\/td><td class=\"column-3\">NICARAGUA<\/td><td class=\"column-4\">Rotonda Universitaria 150 m al este<\/td><td class=\"column-5\">Laboratorio de Dosimetr\u00eda Interna<\/td><td class=\"column-6\">Fernando Lopez Gonzalez<\/td><td class=\"column-7\">fersanlop@yahoo.com<\/td>\n<\/tr>\n<tr class=\"row-20\">\n\t<td class=\"column-1\">LDI-019<\/td><td class=\"column-2\">Instituto Peruano de Energ\u00eda Nuclear (IPEN)<\/td><td class=\"column-3\">PER\u00da<\/td><td class=\"column-4\">Av. Canad\u00e1 1480 &#8211; San Borja &#8211; Lima &#8211; Per\u00fa<\/td><td class=\"column-5\">Laboratorio de Dosimetr\u00eda Interna<\/td><td class=\"column-6\">ROBERTO CARLOS SH. KOGA FUKUHARA<\/td><td class=\"column-7\">rkoga@ipen.gob.pe<\/td>\n<\/tr>\n<tr class=\"row-21\">\n\t<td class=\"column-1\">LDI-020<\/td><td class=\"column-2\">Instituto Nacional de Enfermedades Neopl\u00e1sicas (INEN)<\/td><td class=\"column-3\">PER\u00da<\/td><td class=\"column-4\">Av. Angamos 2520 Lima, Per\u00fa<\/td><td class=\"column-5\">Servicio de Dosimetr\u00eda Personal<\/td><td class=\"column-6\">Dra. Rosanna Morales<\/td><td class=\"column-7\">rmoralesgb@gmail.com<\/td>\n<\/tr>\n<tr class=\"row-22\">\n\t<td class=\"column-1\">LDI-021<\/td><td class=\"column-2\">Direcci\u00f3n Nuclear de la Comisi\u00f3n Nacional de Energ\u00eda  (CNE)<\/td><td class=\"column-3\">REP. DOMINICANA<\/td><td class=\"column-4\">Ave. R\u00f3mulo Betancourt No. 361, Bella Vista, Santo Domingo, R. D.<\/td><td class=\"column-5\">Divisi\u00f3n de Investigaciones y Aplicaciones Nucleares<\/td><td class=\"column-6\">Jos\u00e9 An\u00edbal Rubio Calca\u00f1o<\/td><td class=\"column-7\">jrubio@cne.gob.do<\/td>\n<\/tr>\n<tr class=\"row-23\">\n\t<td class=\"column-1\">LDI-022<\/td><td class=\"column-2\">Centro de Medicina Nuclear e Imagenolog\u00eda Molecular del Hospital de Cl\u00ednicas (CMNIM)<\/td><td class=\"column-3\">URUGUAY<\/td><td class=\"column-4\">Av. Italia s\/n, Montevideo, CP 11600, Uruguay <\/td><td class=\"column-5\">Laboratorio de Dosimetr\u00eda Interna<\/td><td class=\"column-6\">Dra. Mariella Ter\u00e1n<\/td><td class=\"column-7\">mterangretter@gmail.com<\/td>\n<\/tr>\n<tr class=\"row-24\">\n\t<td class=\"column-1\">LDI-023<\/td><td class=\"column-2\">Instituto Venezolano de Investigaciones Cient\u00edficas (IVIC)<\/td><td class=\"column-3\">VENEZUELA<\/td><td class=\"column-4\">Km 11, Carretera Panamericana, Altos de Pipe. San Antonio de los Altos. Miranda. Venezuela. 1020-A<\/td><td class=\"column-5\">Servicio de Radiof\u00edsica Sanitaria, Contaminaci\u00f3n Interna.<\/td><td class=\"column-6\">Lic. Mar\u00eda Estefan\u00eda Ascanio Arteaga<\/td><td class=\"column-7\">mariaeascanioa@gmail.com<\/td>\n<\/tr>\n<\/tbody>\n<\/table>\n<!-- #tablepress-82 from cache -->\n<\/div>\n<\/div><\/div><\/div><\/div><\/div><\/div><\/div>\n\n\n<p><\/p>\n","protected":false},"excerpt":{"rendered":"","protected":false},"author":1,"featured_media":0,"parent":2381,"menu_order":0,"comment_status":"closed","ping_status":"closed","template":"page-templates\/page-builder.php","meta":{"footnotes":""},"_links":{"self":[{"href":"http:\/\/www.reprolam.com\/index.php?rest_route=\/wp\/v2\/pages\/4631"}],"collection":[{"href":"http:\/\/www.reprolam.com\/index.php?rest_route=\/wp\/v2\/pages"}],"about":[{"href":"http:\/\/www.reprolam.com\/index.php?rest_route=\/wp\/v2\/types\/page"}],"author":[{"embeddable":true,"href":"http:\/\/www.reprolam.com\/index.php?rest_route=\/wp\/v2\/users\/1"}],"replies":[{"embeddable":true,"href":"http:\/\/www.reprolam.com\/index.php?rest_route=%2Fwp%2Fv2%2Fcomments&post=4631"}],"version-history":[{"count":1,"href":"http:\/\/www.reprolam.com\/index.php?rest_route=\/wp\/v2\/pages\/4631\/revisions"}],"predecessor-version":[{"id":4636,"href":"http:\/\/www.reprolam.com\/index.php?rest_route=\/wp\/v2\/pages\/4631\/revisions\/4636"}],"up":[{"embeddable":true,"href":"http:\/\/www.reprolam.com\/index.php?rest_route=\/wp\/v2\/pages\/2381"}],"wp:attachment":[{"href":"http:\/\/www.reprolam.com\/index.php?rest_route=%2Fwp%2Fv2%2Fmedia&parent=4631"}],"curies":[{"name":"wp","href":"https:\/\/api.w.org\/{rel}","templated":true}]}}