{"id":4738,"date":"2023-09-19T15:50:37","date_gmt":"2023-09-19T15:50:37","guid":{"rendered":"http:\/\/www.reprolam.com\/?page_id=4738"},"modified":"2023-09-20T17:20:58","modified_gmt":"2023-09-20T17:20:58","slug":"tipos-de-mediciones-rutinarias-que-realizan-con-mediciones-indirectas","status":"publish","type":"page","link":"http:\/\/www.reprolam.com\/?page_id=4738","title":{"rendered":"Tipos de mediciones rutinarias que realizan con mediciones indirectas."},"content":{"rendered":"<div id=\"pl-gb4738-69e25a3aa9372\"  class=\"panel-layout\" ><div id=\"pg-gb4738-69e25a3aa9372-0\"  class=\"panel-grid panel-has-style\" ><div class=\"panel-row-style panel-row-style-for-gb4738-69e25a3aa9372-0\" ><div id=\"pgc-gb4738-69e25a3aa9372-0-0\"  class=\"panel-grid-cell\" ><div id=\"panel-gb4738-69e25a3aa9372-0-0-0\" class=\"so-panel widget widget_siteorigin-panels-builder panel-first-child panel-last-child\" data-index=\"0\" ><div class=\"panel-widget-style panel-widget-style-for-gb4738-69e25a3aa9372-0-0-0\" ><div id=\"pl-w6509c34214e09\"  class=\"panel-layout\" ><div id=\"pg-w6509c34214e09-0\"  class=\"panel-grid panel-no-style\" ><div id=\"pgc-w6509c34214e09-0-0\"  class=\"panel-grid-cell\" ><div id=\"panel-w6509c34214e09-0-0-0\" class=\"so-panel widget widget_sow-editor panel-first-child panel-last-child\" data-index=\"0\" ><div\n\t\t\t\n\t\t\tclass=\"so-widget-sow-editor so-widget-sow-editor-base\"\n\t\t\t\n\t\t>\n<div class=\"siteorigin-widget-tinymce textwidget\">\n\t<p><img loading=\"lazy\" decoding=\"async\" class=\"aligncenter wp-image-4739 size-large\" src=\"http:\/\/www.reprolam.com\/wp-content\/uploads\/2023\/09\/REPORTE9-G1-1024x674.png\" alt=\"\" width=\"750\" height=\"494\" srcset=\"http:\/\/www.reprolam.com\/wp-content\/uploads\/2023\/09\/REPORTE9-G1-1024x674.png 1024w, http:\/\/www.reprolam.com\/wp-content\/uploads\/2023\/09\/REPORTE9-G1-300x197.png 300w, http:\/\/www.reprolam.com\/wp-content\/uploads\/2023\/09\/REPORTE9-G1-768x505.png 768w, http:\/\/www.reprolam.com\/wp-content\/uploads\/2023\/09\/REPORTE9-G1.png 1306w\" sizes=\"(max-width: 750px) 100vw, 750px\" \/><\/p>\n<\/div>\n<\/div><\/div><\/div><\/div><\/div><\/div><\/div><\/div><div id=\"pgc-gb4738-69e25a3aa9372-0-1\"  class=\"panel-grid-cell\" ><div id=\"panel-gb4738-69e25a3aa9372-0-1-0\" class=\"so-panel widget widget_sow-editor panel-first-child panel-last-child\" data-index=\"1\" ><div class=\"panel-widget-style panel-widget-style-for-gb4738-69e25a3aa9372-0-1-0\" ><div\n\t\t\t\n\t\t\tclass=\"so-widget-sow-editor so-widget-sow-editor-base\"\n\t\t\t\n\t\t>\n<div class=\"siteorigin-widget-tinymce textwidget\">\n\t<p><img loading=\"lazy\" decoding=\"async\" class=\"aligncenter wp-image-4740\" src=\"http:\/\/www.reprolam.com\/wp-content\/uploads\/2023\/09\/REPORTE9-F1-1-1024x844.jpeg\" alt=\"\" width=\"447\" height=\"369\" srcset=\"http:\/\/www.reprolam.com\/wp-content\/uploads\/2023\/09\/REPORTE9-F1-1-1024x844.jpeg 1024w, http:\/\/www.reprolam.com\/wp-content\/uploads\/2023\/09\/REPORTE9-F1-1-300x247.jpeg 300w, http:\/\/www.reprolam.com\/wp-content\/uploads\/2023\/09\/REPORTE9-F1-1-768x633.jpeg 768w, http:\/\/www.reprolam.com\/wp-content\/uploads\/2023\/09\/REPORTE9-F1-1.jpeg 1047w\" sizes=\"(max-width: 447px) 100vw, 447px\" \/><\/p>\n<\/div>\n<\/div><\/div><\/div><\/div><\/div><\/div><div id=\"pg-gb4738-69e25a3aa9372-1\"  class=\"panel-grid panel-has-style\" ><div class=\"panel-row-style panel-row-style-for-gb4738-69e25a3aa9372-1\" ><div id=\"pgc-gb4738-69e25a3aa9372-1-0\"  class=\"panel-grid-cell\" ><div id=\"panel-gb4738-69e25a3aa9372-1-0-0\" class=\"so-panel widget widget_sow-editor panel-first-child panel-last-child\" data-index=\"2\" ><div class=\"panel-widget-style panel-widget-style-for-gb4738-69e25a3aa9372-1-0-0\" ><div\n\t\t\t\n\t\t\tclass=\"so-widget-sow-editor so-widget-sow-editor-base\"\n\t\t\t\n\t\t>\n<div class=\"siteorigin-widget-tinymce textwidget\">\n\t\n<table id=\"tablepress-89\" class=\"tablepress tablepress-id-89\">\n<thead>\n<tr class=\"row-1\">\n\t<th class=\"column-1\">COD. REG.<\/th><th class=\"column-2\">INSTITUCI\u00d3N (siglas)<\/th><th class=\"column-3\">PA\u00cdS<\/th><th class=\"column-4\">LABORATORIO<\/th><th class=\"column-5\"> Tipo de mediciones rutinarias que realizan<\/th><th class=\"column-6\">L\u00edmite de detecci\u00f3n y tiempo de medida<\/th><th class=\"column-7\">C\u00f3digo para realizar el an\u00e1lisis de los espectros<\/th>\n<\/tr>\n<\/thead>\n<tbody class=\"row-striping row-hover\">\n<tr class=\"row-2\">\n\t<td class=\"column-1\">LDI-001<\/td><td class=\"column-2\">CNEA<\/td><td class=\"column-3\">ARGENTINA<\/td><td class=\"column-4\">Laboratorio de Dosimetr\u00eda Personal y de \u00c1rea<\/td><td class=\"column-5\">\u2022 Orina<br \/>\n\u2022 Aire<\/td><td class=\"column-6\">En orina: Uranio (LD: 0.1 ug\/l) y Alfa total (MAC: 6 e-3 Bq\/l). <br \/>\nEn aire: Uranio ( LC: 4 ug\/muestra)<\/td><td class=\"column-7\">No<\/td>\n<\/tr>\n<tr class=\"row-3\">\n\t<td class=\"column-1\">LDI-002<\/td><td class=\"column-2\">ARN<\/td><td class=\"column-3\">ARGENTINA<\/td><td class=\"column-4\">Laboratorio de Dosimetr\u00eda Interna (LDI)<\/td><td class=\"column-5\">No respondi\u00f3<\/td><td class=\"column-6\">**<\/td><td class=\"column-7\">**<\/td>\n<\/tr>\n<tr class=\"row-4\">\n\t<td class=\"column-1\">LDI-003<\/td><td class=\"column-2\">ARN<\/td><td class=\"column-3\">ARGENTINA<\/td><td class=\"column-4\">Departamento de Dosimetr\u00eda Interna<\/td><td class=\"column-5\">No Aplica<\/td><td class=\"column-6\">No Aplica<\/td><td class=\"column-7\">No Aplica<\/td>\n<\/tr>\n<tr class=\"row-5\">\n\t<td class=\"column-1\">LDI-004<\/td><td class=\"column-2\">INAMEN<\/td><td class=\"column-3\">BOLIVIA<\/td><td class=\"column-4\">Servicio de Estudios con I-131<\/td><td class=\"column-5\">\u2022 Aire<\/td><td class=\"column-6\">1,5uCi<\/td><td class=\"column-7\">**<\/td>\n<\/tr>\n<tr class=\"row-6\">\n\t<td class=\"column-1\">LDI-005<\/td><td class=\"column-2\">HCPA<\/td><td class=\"column-3\">BRASIL<\/td><td class=\"column-4\">Servicio de F\u00edsica M\u00e9dica y Radioprotecci\u00f3n<\/td><td class=\"column-5\">No Aplica<\/td><td class=\"column-6\">**<\/td><td class=\"column-7\">**<\/td>\n<\/tr>\n<tr class=\"row-7\">\n\t<td class=\"column-1\">LDI-008<\/td><td class=\"column-2\">PROCAPE<\/td><td class=\"column-3\">BRASIL<\/td><td class=\"column-4\">En desarrollo <\/td><td class=\"column-5\">\u2022 Aire<\/td><td class=\"column-6\">**<\/td><td class=\"column-7\">**<\/td>\n<\/tr>\n<tr class=\"row-8\">\n\t<td class=\"column-1\">LDI-009<\/td><td class=\"column-2\">IRD<\/td><td class=\"column-3\">BRASIL<\/td><td class=\"column-4\">Dosimetr\u00eda Interna Ocupacional<\/td><td class=\"column-5\">\u2022 Orina<br \/>\n\u2022 Heces<br \/>\n\u2022 Aire<\/td><td class=\"column-6\"><a href=\"http:\/\/www.reprolam.com\/wp-content\/uploads\/2023\/09\/REPORTE9-ADJUNTO-Brasil-LD-In-vitro-Bernardo-Dantas.pdf\" rel=\"noopener\" target=\"_blank\">Ver adjunto<\/a><\/td><td class=\"column-7\">Genie 2000 para Espectrometr\u00eda gama.<\/td>\n<\/tr>\n<tr class=\"row-9\">\n\t<td class=\"column-1\">LDI-010<\/td><td class=\"column-2\">CCHEN<\/td><td class=\"column-3\">CHILE<\/td><td class=\"column-4\">Laboratorio de Dosimetr\u00eda Interna<\/td><td class=\"column-5\">\u2022 Orina<\/td><td class=\"column-6\">Niveles de detecci\u00f3n del sistema  para I-131 0,0002 Bq\/mL, Tc-99 Bq\/mL, F-18 0,03Bq\/mL, I-125 0,01 Bq\/mL. Niveles de Cuantificaci\u00f3n para I-131 0,0014 Bq\/ml, Tc-99 0,2 Bq\/mL, F-18 0,09 Bq\/mL, I-125 0,05 Bq\/mL.<\/td><td class=\"column-7\">no<\/td>\n<\/tr>\n<tr class=\"row-10\">\n\t<td class=\"column-1\">LDI-011<\/td><td class=\"column-2\">UNAL-EF<\/td><td class=\"column-3\">COLOMBIA<\/td><td class=\"column-4\">Laboratorio de Bioanalisis del Grupo de F\u00edsica Radiol\u00f3gica <\/td><td class=\"column-5\">\u2022 Orina<\/td><td class=\"column-6\">900 s<\/td><td class=\"column-7\">Genie 2000<\/td>\n<\/tr>\n<tr class=\"row-11\">\n\t<td class=\"column-1\">LDI-023<\/td><td class=\"column-2\">IVIC<\/td><td class=\"column-3\">VENEZUELA<\/td><td class=\"column-4\">Servicio de Radiof\u00edsica Sanitaria, Contaminaci\u00f3n Interna.<\/td><td class=\"column-5\">\u2022 Orina<\/td><td class=\"column-6\">Limite D 214.74Bq -Tiempo de Medida 80000seg<\/td><td class=\"column-7\">Genie-2000<\/td>\n<\/tr>\n<\/tbody>\n<\/table>\n<!-- #tablepress-89 from cache -->\n<\/div>\n<\/div><\/div><\/div><\/div><\/div><\/div><\/div>\n\n\n<p><\/p>\n","protected":false},"excerpt":{"rendered":"","protected":false},"author":1,"featured_media":0,"parent":2381,"menu_order":0,"comment_status":"closed","ping_status":"closed","template":"page-templates\/page-builder.php","meta":{"footnotes":""},"_links":{"self":[{"href":"http:\/\/www.reprolam.com\/index.php?rest_route=\/wp\/v2\/pages\/4738"}],"collection":[{"href":"http:\/\/www.reprolam.com\/index.php?rest_route=\/wp\/v2\/pages"}],"about":[{"href":"http:\/\/www.reprolam.com\/index.php?rest_route=\/wp\/v2\/types\/page"}],"author":[{"embeddable":true,"href":"http:\/\/www.reprolam.com\/index.php?rest_route=\/wp\/v2\/users\/1"}],"replies":[{"embeddable":true,"href":"http:\/\/www.reprolam.com\/index.php?rest_route=%2Fwp%2Fv2%2Fcomments&post=4738"}],"version-history":[{"count":2,"href":"http:\/\/www.reprolam.com\/index.php?rest_route=\/wp\/v2\/pages\/4738\/revisions"}],"predecessor-version":[{"id":4766,"href":"http:\/\/www.reprolam.com\/index.php?rest_route=\/wp\/v2\/pages\/4738\/revisions\/4766"}],"up":[{"embeddable":true,"href":"http:\/\/www.reprolam.com\/index.php?rest_route=\/wp\/v2\/pages\/2381"}],"wp:attachment":[{"href":"http:\/\/www.reprolam.com\/index.php?rest_route=%2Fwp%2Fv2%2Fmedia&parent=4738"}],"curies":[{"name":"wp","href":"https:\/\/api.w.org\/{rel}","templated":true}]}}