{"id":4802,"date":"2023-09-22T16:49:13","date_gmt":"2023-09-22T16:49:13","guid":{"rendered":"http:\/\/www.reprolam.com\/?page_id=4802"},"modified":"2023-09-22T17:11:05","modified_gmt":"2023-09-22T17:11:05","slug":"implementacion-del-programa-de-garantia-de-calidad-pgc-en-los-laboratorio-de-dosimetria-interna-inscritos-en-el-directorio-ldi-reprolam","status":"publish","type":"page","link":"http:\/\/www.reprolam.com\/?page_id=4802","title":{"rendered":"Implementaci\u00f3n del Programa de Garant\u00eda de Calidad (PGC) en los Laboratorio de Dosimetr\u00eda Interna inscritos en el Directorio LDI-REPROLAM"},"content":{"rendered":"<div id=\"pl-gb4802-69dfb35342496\"  class=\"panel-layout\" ><div id=\"pg-gb4802-69dfb35342496-0\"  class=\"panel-grid panel-has-style\" ><div class=\"panel-row-style panel-row-style-for-gb4802-69dfb35342496-0\" ><div id=\"pgc-gb4802-69dfb35342496-0-0\"  class=\"panel-grid-cell\" ><div id=\"panel-gb4802-69dfb35342496-0-0-0\" class=\"so-panel widget widget_siteorigin-panels-builder panel-first-child panel-last-child\" data-index=\"0\" ><div class=\"panel-widget-style panel-widget-style-for-gb4802-69dfb35342496-0-0-0\" ><div id=\"pl-w650dc57dbf69a\"  class=\"panel-layout\" ><div id=\"pg-w650dc57dbf69a-0\"  class=\"panel-grid panel-no-style\" ><div id=\"pgc-w650dc57dbf69a-0-0\"  class=\"panel-grid-cell\" ><div id=\"panel-w650dc57dbf69a-0-0-0\" class=\"so-panel widget widget_sow-editor panel-first-child panel-last-child\" data-index=\"0\" ><div\n\t\t\t\n\t\t\tclass=\"so-widget-sow-editor so-widget-sow-editor-base\"\n\t\t\t\n\t\t>\n<div class=\"siteorigin-widget-tinymce textwidget\">\n\t<p><img loading=\"lazy\" decoding=\"async\" class=\"aligncenter size-large wp-image-4803\" src=\"http:\/\/www.reprolam.com\/wp-content\/uploads\/2023\/09\/REPORTE14-G1-1024x618.png\" alt=\"\" width=\"750\" height=\"453\" srcset=\"http:\/\/www.reprolam.com\/wp-content\/uploads\/2023\/09\/REPORTE14-G1-1024x618.png 1024w, http:\/\/www.reprolam.com\/wp-content\/uploads\/2023\/09\/REPORTE14-G1-300x181.png 300w, http:\/\/www.reprolam.com\/wp-content\/uploads\/2023\/09\/REPORTE14-G1-768x464.png 768w, http:\/\/www.reprolam.com\/wp-content\/uploads\/2023\/09\/REPORTE14-G1-1536x928.png 1536w, http:\/\/www.reprolam.com\/wp-content\/uploads\/2023\/09\/REPORTE14-G1.png 1851w\" sizes=\"(max-width: 750px) 100vw, 750px\" \/><\/p>\n<\/div>\n<\/div><\/div><\/div><\/div><\/div><\/div><\/div><\/div><div id=\"pgc-gb4802-69dfb35342496-0-1\"  class=\"panel-grid-cell\" ><div id=\"panel-gb4802-69dfb35342496-0-1-0\" class=\"so-panel widget widget_sow-editor panel-first-child panel-last-child\" data-index=\"1\" ><div class=\"panel-widget-style panel-widget-style-for-gb4802-69dfb35342496-0-1-0\" ><div\n\t\t\t\n\t\t\tclass=\"so-widget-sow-editor so-widget-sow-editor-base\"\n\t\t\t\n\t\t>\n<div class=\"siteorigin-widget-tinymce textwidget\">\n\t<p><img loading=\"lazy\" decoding=\"async\" class=\"aligncenter wp-image-4804 \" src=\"http:\/\/www.reprolam.com\/wp-content\/uploads\/2023\/09\/REPORTE14-F1-239x300.jpg\" alt=\"\" width=\"281\" height=\"353\" srcset=\"http:\/\/www.reprolam.com\/wp-content\/uploads\/2023\/09\/REPORTE14-F1-239x300.jpg 239w, http:\/\/www.reprolam.com\/wp-content\/uploads\/2023\/09\/REPORTE14-F1.jpg 605w\" sizes=\"(max-width: 281px) 100vw, 281px\" \/><\/p>\n<\/div>\n<\/div><\/div><\/div><\/div><\/div><\/div><div id=\"pg-gb4802-69dfb35342496-1\"  class=\"panel-grid panel-has-style\" ><div class=\"panel-row-style panel-row-style-for-gb4802-69dfb35342496-1\" ><div id=\"pgc-gb4802-69dfb35342496-1-0\"  class=\"panel-grid-cell\" ><div id=\"panel-gb4802-69dfb35342496-1-0-0\" class=\"so-panel widget widget_sow-editor panel-first-child panel-last-child\" data-index=\"2\" ><div class=\"panel-widget-style panel-widget-style-for-gb4802-69dfb35342496-1-0-0\" ><div\n\t\t\t\n\t\t\tclass=\"so-widget-sow-editor so-widget-sow-editor-base\"\n\t\t\t\n\t\t>\n<div class=\"siteorigin-widget-tinymce textwidget\">\n\t\n<table id=\"tablepress-94\" class=\"tablepress tablepress-id-94\">\n<thead>\n<tr class=\"row-1\">\n\t<th class=\"column-1\">COD. REG.<\/th><th class=\"column-2\">INSTITUCI\u00d3N (siglas)<\/th><th class=\"column-3\">PA\u00cdS<\/th><th class=\"column-4\">LABORATORIO<\/th><th class=\"column-5\">La instituci\u00f3n cuenta con un PGC<\/th><th class=\"column-6\">El PGC est\u00e1 debidamente documentado<\/th><th class=\"column-7\">Definido el diagrama de responsabilidades por la calidad<\/th><th class=\"column-8\">Definido el programa de control de calidad para el equipamiento<\/th><th class=\"column-9\">Dispone de programas  de  Mantenimiento,  Calibraci\u00f3n y Verificaci\u00f3n, para los equipos<\/th><th class=\"column-10\">Se prev\u00e9 realizar calibraci\u00f3n del equipamiento luego de cada mantenimiento o  reparaci\u00f3n.<\/th>\n<\/tr>\n<\/thead>\n<tbody class=\"row-striping row-hover\">\n<tr class=\"row-2\">\n\t<td class=\"column-1\">LDI-001<\/td><td class=\"column-2\">CNEA<\/td><td class=\"column-3\">ARGENTINA<\/td><td class=\"column-4\">Laboratorio de Dosimetr\u00eda Personal y de \u00c1rea<\/td><td class=\"column-5\">SI<\/td><td class=\"column-6\">SI<\/td><td class=\"column-7\">SI<\/td><td class=\"column-8\">SI<\/td><td class=\"column-9\">SI<\/td><td class=\"column-10\">SI<\/td>\n<\/tr>\n<tr class=\"row-3\">\n\t<td class=\"column-1\">LDI-002<\/td><td class=\"column-2\">ARN<\/td><td class=\"column-3\">ARGENTINA<\/td><td class=\"column-4\">Laboratorio de Dosimetr\u00eda Interna (LDI)<\/td><td class=\"column-5\">SI<\/td><td class=\"column-6\">SI<\/td><td class=\"column-7\">SI<\/td><td class=\"column-8\">SI<\/td><td class=\"column-9\">SI<\/td><td class=\"column-10\">SI<\/td>\n<\/tr>\n<tr class=\"row-4\">\n\t<td class=\"column-1\">LDI-003<\/td><td class=\"column-2\">ARN<\/td><td class=\"column-3\">ARGENTINA<\/td><td class=\"column-4\">Departamento de Dosimetr\u00eda Interna<\/td><td class=\"column-5\">NO<\/td><td class=\"column-6\">NO<\/td><td class=\"column-7\">NO<\/td><td class=\"column-8\">NO<\/td><td class=\"column-9\">NO<\/td><td class=\"column-10\">NO<\/td>\n<\/tr>\n<tr class=\"row-5\">\n\t<td class=\"column-1\">LDI-004<\/td><td class=\"column-2\">INAMEN<\/td><td class=\"column-3\">BOLIVIA<\/td><td class=\"column-4\">Servicio de Estudios con I-131<\/td><td class=\"column-5\">NO<\/td><td class=\"column-6\">NO<\/td><td class=\"column-7\">NO<\/td><td class=\"column-8\">SI<\/td><td class=\"column-9\">SI<\/td><td class=\"column-10\">SI<\/td>\n<\/tr>\n<tr class=\"row-6\">\n\t<td class=\"column-1\">LDI-005<\/td><td class=\"column-2\">HCPA<\/td><td class=\"column-3\">BRASIL<\/td><td class=\"column-4\">Servicio de F\u00edsica M\u00e9dica y Radioprotecci\u00f3n<\/td><td class=\"column-5\">SI<\/td><td class=\"column-6\">SI<\/td><td class=\"column-7\">SI<\/td><td class=\"column-8\">SI<\/td><td class=\"column-9\">SI<\/td><td class=\"column-10\">SI<\/td>\n<\/tr>\n<tr class=\"row-7\">\n\t<td class=\"column-1\">LDI-006<\/td><td class=\"column-2\">CDTN\/CNEN<\/td><td class=\"column-3\">BRASIL<\/td><td class=\"column-4\">Laboratorio de Dosimetr\u00eda Interna &#8211; LDI<\/td><td class=\"column-5\">SI<\/td><td class=\"column-6\">NO<\/td><td class=\"column-7\">No respondieron<\/td><td class=\"column-8\">SI<\/td><td class=\"column-9\">NO<\/td><td class=\"column-10\">SI<\/td>\n<\/tr>\n<tr class=\"row-8\">\n\t<td class=\"column-1\">LDI-007<\/td><td class=\"column-2\">ELETROBRAS SA<\/td><td class=\"column-3\">BRASIL<\/td><td class=\"column-4\">Laboratorio de Monitorizaci\u00f3n Interna (LMI),  Divisi\u00f3n de Protecci\u00f3n Radiol\u00f3gica<\/td><td class=\"column-5\">NO<\/td><td class=\"column-6\">NO<\/td><td class=\"column-7\">NO<\/td><td class=\"column-8\">SI<\/td><td class=\"column-9\">SI<\/td><td class=\"column-10\">SI<\/td>\n<\/tr>\n<tr class=\"row-9\">\n\t<td class=\"column-1\">LDI-008<\/td><td class=\"column-2\">PROCAPE<\/td><td class=\"column-3\">BRASIL<\/td><td class=\"column-4\">En desarrollo <\/td><td class=\"column-5\">SI<\/td><td class=\"column-6\">SI<\/td><td class=\"column-7\">SI<\/td><td class=\"column-8\">SI<\/td><td class=\"column-9\">SI<\/td><td class=\"column-10\">SI<\/td>\n<\/tr>\n<tr class=\"row-10\">\n\t<td class=\"column-1\">LDI-009<\/td><td class=\"column-2\">IRD<\/td><td class=\"column-3\">BRASIL<\/td><td class=\"column-4\">Dosimetr\u00eda Interna Ocupacional<\/td><td class=\"column-5\">SI<\/td><td class=\"column-6\">SI<\/td><td class=\"column-7\">SI<\/td><td class=\"column-8\">SI<\/td><td class=\"column-9\">SI<\/td><td class=\"column-10\">SI<\/td>\n<\/tr>\n<tr class=\"row-11\">\n\t<td class=\"column-1\">LDI-010<\/td><td class=\"column-2\">CCHEN<\/td><td class=\"column-3\">CHILE<\/td><td class=\"column-4\">Laboratorio de Dosimetr\u00eda Interna<\/td><td class=\"column-5\">NO<\/td><td class=\"column-6\">NO<\/td><td class=\"column-7\">NO<\/td><td class=\"column-8\">SI<\/td><td class=\"column-9\">SI<\/td><td class=\"column-10\">SI<\/td>\n<\/tr>\n<tr class=\"row-12\">\n\t<td class=\"column-1\">LDI-011<\/td><td class=\"column-2\">UNAL-EF<\/td><td class=\"column-3\">COLOMBIA<\/td><td class=\"column-4\">Laboratorio de Bioanalisis del Grupo de F\u00edsica Radiol\u00f3gica <\/td><td class=\"column-5\">NO<\/td><td class=\"column-6\">NO<\/td><td class=\"column-7\">NO<\/td><td class=\"column-8\">NO<\/td><td class=\"column-9\">NO<\/td><td class=\"column-10\">NO<\/td>\n<\/tr>\n<tr class=\"row-13\">\n\t<td class=\"column-1\">LDI-012<\/td><td class=\"column-2\">CICANUM<\/td><td class=\"column-3\">COSTA RICA<\/td><td class=\"column-4\">Laboratorio Ciclotr\u00f3n PET\/CT.<\/td><td class=\"column-5\">SI<\/td><td class=\"column-6\">SI<\/td><td class=\"column-7\">SI<\/td><td class=\"column-8\">SI<\/td><td class=\"column-9\">SI<\/td><td class=\"column-10\">SI<\/td>\n<\/tr>\n<tr class=\"row-14\">\n\t<td class=\"column-1\">LDI-013<\/td><td class=\"column-2\">CPHR<\/td><td class=\"column-3\">CUBA<\/td><td class=\"column-4\">Laboratorio de Dosimetr\u00eda Interna (LDI)<\/td><td class=\"column-5\">SI<\/td><td class=\"column-6\">SI<\/td><td class=\"column-7\">SI<\/td><td class=\"column-8\">SI<\/td><td class=\"column-9\">SI<\/td><td class=\"column-10\">SI<\/td>\n<\/tr>\n<tr class=\"row-15\">\n\t<td class=\"column-1\">LDI-014<\/td><td class=\"column-2\">SCAN<\/td><td class=\"column-3\">ECUADOR<\/td><td class=\"column-4\">Laboratorio de Dosimetr\u00eda Personal<\/td><td class=\"column-5\">No respondieron<\/td><td class=\"column-6\">No respondieron<\/td><td class=\"column-7\">No respondieron<\/td><td class=\"column-8\">No respondieron<\/td><td class=\"column-9\">No respondieron<\/td><td class=\"column-10\">No respondieron<\/td>\n<\/tr>\n<tr class=\"row-16\">\n\t<td class=\"column-1\">LDI-015<\/td><td class=\"column-2\">CIAN<\/td><td class=\"column-3\">EL SALVADOR<\/td><td class=\"column-4\">Servicio de Dosimetr\u00eda Interna<\/td><td class=\"column-5\">NO<\/td><td class=\"column-6\">NO<\/td><td class=\"column-7\">SI<\/td><td class=\"column-8\">NO<\/td><td class=\"column-9\">SI<\/td><td class=\"column-10\">SI<\/td>\n<\/tr>\n<tr class=\"row-17\">\n\t<td class=\"column-1\">LDI-016<\/td><td class=\"column-2\">MEM<\/td><td class=\"column-3\">GUATEMALA<\/td><td class=\"column-4\">Laboratorio de Dosimetr\u00eda Interna<\/td><td class=\"column-5\">No respondieron<\/td><td class=\"column-6\">No respondieron<\/td><td class=\"column-7\">No respondieron<\/td><td class=\"column-8\">No respondieron<\/td><td class=\"column-9\">No respondieron<\/td><td class=\"column-10\">No respondieron<\/td>\n<\/tr>\n<tr class=\"row-18\">\n\t<td class=\"column-1\">LDI-017<\/td><td class=\"column-2\">ININ<\/td><td class=\"column-3\">M\u00c9XICO<\/td><td class=\"column-4\">Laboratorio de Dosimetr\u00eda Interna del ININ<\/td><td class=\"column-5\">SI<\/td><td class=\"column-6\">SI<\/td><td class=\"column-7\">SI<\/td><td class=\"column-8\">NO<\/td><td class=\"column-9\">SI<\/td><td class=\"column-10\">SI<\/td>\n<\/tr>\n<tr class=\"row-19\">\n\t<td class=\"column-1\">LDI-018<\/td><td class=\"column-2\">LAF-RAM<\/td><td class=\"column-3\">NICARAGUA<\/td><td class=\"column-4\">Laboratorio de Dosimetr\u00eda Interna<\/td><td class=\"column-5\">SI<\/td><td class=\"column-6\">SI<\/td><td class=\"column-7\">SI<\/td><td class=\"column-8\">SI<\/td><td class=\"column-9\">SI<\/td><td class=\"column-10\">SI<\/td>\n<\/tr>\n<tr class=\"row-20\">\n\t<td class=\"column-1\">LDI-019<\/td><td class=\"column-2\">IPEN<\/td><td class=\"column-3\">PER\u00da<\/td><td class=\"column-4\">Laboratorio de Dosimetr\u00eda Interna<\/td><td class=\"column-5\">SI<\/td><td class=\"column-6\">SI<\/td><td class=\"column-7\">SI<\/td><td class=\"column-8\">SI<\/td><td class=\"column-9\">SI<\/td><td class=\"column-10\">SI<\/td>\n<\/tr>\n<tr class=\"row-21\">\n\t<td class=\"column-1\">LDI-020<\/td><td class=\"column-2\">INEN<\/td><td class=\"column-3\">PER\u00da<\/td><td class=\"column-4\">Servicio de Dosimetr\u00eda Personal<\/td><td class=\"column-5\">SI<\/td><td class=\"column-6\">SI<\/td><td class=\"column-7\">SI<\/td><td class=\"column-8\">SI<\/td><td class=\"column-9\">SI<\/td><td class=\"column-10\">SI<\/td>\n<\/tr>\n<tr class=\"row-22\">\n\t<td class=\"column-1\">LDI-021<\/td><td class=\"column-2\">CNE<\/td><td class=\"column-3\">REP. DOMINICANA<\/td><td class=\"column-4\">Divisi\u00f3n de Investigaciones y Aplicaciones Nucleares<\/td><td class=\"column-5\">No respondieron<\/td><td class=\"column-6\">No respondieron<\/td><td class=\"column-7\">No respondieron<\/td><td class=\"column-8\">No respondieron<\/td><td class=\"column-9\">No respondieron<\/td><td class=\"column-10\">No respondieron<\/td>\n<\/tr>\n<tr class=\"row-23\">\n\t<td class=\"column-1\">LDI-022<\/td><td class=\"column-2\">CMNIM<\/td><td class=\"column-3\">URUGUAY<\/td><td class=\"column-4\">Laboratorio de Dosimetr\u00eda Interna<\/td><td class=\"column-5\">NO<\/td><td class=\"column-6\">NO<\/td><td class=\"column-7\">NO<\/td><td class=\"column-8\">SI<\/td><td class=\"column-9\">SI<\/td><td class=\"column-10\">SI<\/td>\n<\/tr>\n<tr class=\"row-24\">\n\t<td class=\"column-1\">LDI-023<\/td><td class=\"column-2\">IVIC<\/td><td class=\"column-3\">VENEZUELA<\/td><td class=\"column-4\">Servicio de Radiof\u00edsica Sanitaria, Contaminaci\u00f3n Interna.<\/td><td class=\"column-5\">NO<\/td><td class=\"column-6\">NO<\/td><td class=\"column-7\">NO<\/td><td class=\"column-8\">NO<\/td><td class=\"column-9\">NO<\/td><td class=\"column-10\">SI<\/td>\n<\/tr>\n<\/tbody>\n<\/table>\n<!-- #tablepress-94 from cache -->\n<\/div>\n<\/div><\/div><\/div><\/div><\/div><\/div><\/div>\n\n\n<p><\/p>\n","protected":false},"excerpt":{"rendered":"","protected":false},"author":1,"featured_media":0,"parent":2381,"menu_order":0,"comment_status":"closed","ping_status":"closed","template":"page-templates\/page-builder.php","meta":{"footnotes":""},"_links":{"self":[{"href":"http:\/\/www.reprolam.com\/index.php?rest_route=\/wp\/v2\/pages\/4802"}],"collection":[{"href":"http:\/\/www.reprolam.com\/index.php?rest_route=\/wp\/v2\/pages"}],"about":[{"href":"http:\/\/www.reprolam.com\/index.php?rest_route=\/wp\/v2\/types\/page"}],"author":[{"embeddable":true,"href":"http:\/\/www.reprolam.com\/index.php?rest_route=\/wp\/v2\/users\/1"}],"replies":[{"embeddable":true,"href":"http:\/\/www.reprolam.com\/index.php?rest_route=%2Fwp%2Fv2%2Fcomments&post=4802"}],"version-history":[{"count":2,"href":"http:\/\/www.reprolam.com\/index.php?rest_route=\/wp\/v2\/pages\/4802\/revisions"}],"predecessor-version":[{"id":4809,"href":"http:\/\/www.reprolam.com\/index.php?rest_route=\/wp\/v2\/pages\/4802\/revisions\/4809"}],"up":[{"embeddable":true,"href":"http:\/\/www.reprolam.com\/index.php?rest_route=\/wp\/v2\/pages\/2381"}],"wp:attachment":[{"href":"http:\/\/www.reprolam.com\/index.php?rest_route=%2Fwp%2Fv2%2Fmedia&parent=4802"}],"curies":[{"name":"wp","href":"https:\/\/api.w.org\/{rel}","templated":true}]}}