{"id":51,"date":"2020-09-22T14:54:45","date_gmt":"2020-09-22T14:54:45","guid":{"rendered":"http:\/\/www.reprolam.com\/?page_id=51"},"modified":"2020-10-21T13:43:14","modified_gmt":"2020-10-21T13:43:14","slug":"objetivos-de-la-red","status":"publish","type":"page","link":"http:\/\/www.reprolam.com\/?page_id=51","title":{"rendered":"Objetivos de la RED"},"content":{"rendered":"<div id=\"pl-gb51-69f62a71b901c\"  class=\"panel-layout\" ><div id=\"pg-gb51-69f62a71b901c-0\"  class=\"panel-grid panel-no-style\" ><div id=\"pgc-gb51-69f62a71b901c-0-0\"  class=\"panel-grid-cell\" ><div id=\"panel-gb51-69f62a71b901c-0-0-0\" class=\"so-panel widget widget_sow-editor panel-first-child panel-last-child\" data-index=\"0\" ><div class=\"panel-widget-style panel-widget-style-for-gb51-69f62a71b901c-0-0-0\" ><div\n\t\t\t\n\t\t\tclass=\"so-widget-sow-editor so-widget-sow-editor-base\"\n\t\t\t\n\t\t>\n<div class=\"siteorigin-widget-tinymce textwidget\">\n\t<p>&nbsp;<\/p>\n<p>Los objetivos actuales de REPROLAM son:<\/p>\n<table style=\"width: 100%; border-collapse: collapse; border-style: none;\" border=\"0\" cellpadding=\"0\">\n<tbody>\n<tr>\n<td style=\"width: 66.1667px; vertical-align: top; border-style: hidden;\"><img loading=\"lazy\" decoding=\"async\" class=\"aligncenter size-full wp-image-653\" src=\"http:\/\/www.reprolam.com\/wp-content\/uploads\/2020\/10\/3313576-24.png\" alt=\"\" width=\"24\" height=\"24\" \/><\/td>\n<td style=\"width: 873.833px; vertical-align: top; text-align: justify; border-style: hidden;\">Agrupar a las personas cuyas actividades profesionales se desenvuelvan en el campo de la Protecci\u00f3n Radiol\u00f3gica Ocupacional en Am\u00e9rica Latina y el Caribe.<\/td>\n<\/tr>\n<tr>\n<td style=\"width: 66.1667px; vertical-align: top; border-style: hidden;\"><img loading=\"lazy\" decoding=\"async\" class=\"aligncenter size-full wp-image-653\" src=\"http:\/\/www.reprolam.com\/wp-content\/uploads\/2020\/10\/3313576-24.png\" alt=\"\" width=\"24\" height=\"24\" \/><\/td>\n<td style=\"width: 873.833px; vertical-align: top; text-align: justify; border-style: hidden;\">Facilitar el intercambio de informaci\u00f3n con un enfoque integrado a la aplicaci\u00f3n pr\u00e1ctica del principio de optimizaci\u00f3n de la protecci\u00f3n radiol\u00f3gica ocupacional.<\/td>\n<\/tr>\n<tr>\n<td style=\"width: 66.1667px; vertical-align: top; border-style: hidden;\"><img loading=\"lazy\" decoding=\"async\" class=\"aligncenter size-full wp-image-653\" src=\"http:\/\/www.reprolam.com\/wp-content\/uploads\/2020\/10\/3313576-24.png\" alt=\"\" width=\"24\" height=\"24\" \/><\/td>\n<td style=\"width: 873.833px; vertical-align: top; text-align: justify; border-style: hidden;\">Contribuir a la armonizaci\u00f3n de las pol\u00edticas y pr\u00e1cticas de protecci\u00f3n radiol\u00f3gica ocupacional, particularmente en relaci\u00f3n con el principio de optimizaci\u00f3n, en los diferentes componentes de la infraestructura nacional: usuarios de fuentes de radiaci\u00f3n, servicios de apoyo cient\u00edfico t\u00e9cnico y autoridades reguladoras.<\/td>\n<\/tr>\n<tr>\n<td style=\"width: 66.1667px; vertical-align: top; border-style: hidden;\"><img loading=\"lazy\" decoding=\"async\" class=\"aligncenter size-full wp-image-653\" src=\"http:\/\/www.reprolam.com\/wp-content\/uploads\/2020\/10\/3313576-24.png\" alt=\"\" width=\"24\" height=\"24\" \/><\/td>\n<td style=\"width: 873.833px; vertical-align: top; text-align: justify; border-style: hidden;\">Promover o apoyar reuniones y conferencias donde se puedan discutir los objetivos cient\u00edficos de la Red.<\/td>\n<\/tr>\n<tr>\n<td style=\"width: 66.1667px; vertical-align: top; border-style: hidden;\"><img loading=\"lazy\" decoding=\"async\" class=\"aligncenter size-full wp-image-653\" src=\"http:\/\/www.reprolam.com\/wp-content\/uploads\/2020\/10\/3313576-24.png\" alt=\"\" width=\"24\" height=\"24\" \/><\/td>\n<td style=\"width: 873.833px; vertical-align: top; text-align: justify; border-style: hidden;\">Contribuir a la integraci\u00f3n y cooperaci\u00f3n en relaci\u00f3n con los conocimientos y servicios especializados en protecci\u00f3n radiol\u00f3gica ocupacional con que cuentan los pa\u00edses participantes.<\/td>\n<\/tr>\n<tr>\n<td style=\"width: 66.1667px; vertical-align: top; border-style: hidden;\"><img loading=\"lazy\" decoding=\"async\" class=\"aligncenter size-full wp-image-653\" src=\"http:\/\/www.reprolam.com\/wp-content\/uploads\/2020\/10\/3313576-24.png\" alt=\"\" width=\"24\" height=\"24\" \/><\/td>\n<td style=\"width: 873.833px; vertical-align: top; text-align: justify; border-style: hidden;\">Apoyar y promover publcaciones cient\u00edficas dedicadas a aplicaciones de las radiaciones ionizantes y a la protecci\u00f3n radiol\u00f3gica.<\/td>\n<\/tr>\n<tr>\n<td style=\"width: 66.1667px; vertical-align: top; border-style: hidden;\"><img loading=\"lazy\" decoding=\"async\" class=\"aligncenter size-full wp-image-653\" src=\"http:\/\/www.reprolam.com\/wp-content\/uploads\/2020\/10\/3313576-24.png\" alt=\"\" width=\"24\" height=\"24\" \/><\/td>\n<td style=\"width: 873.833px; vertical-align: top; text-align: justify; border-style: hidden;\">Organizaci\u00f3n y apoyo a la realizaci\u00f3n de ejercicios de intercomparaciones regional en las tem\u00e1ticas de inter\u00e9s.<\/td>\n<\/tr>\n<\/tbody>\n<\/table>\n<\/div>\n<\/div><\/div><\/div><\/div><div id=\"pgc-gb51-69f62a71b901c-0-1\"  class=\"panel-grid-cell\" ><div id=\"panel-gb51-69f62a71b901c-0-1-0\" class=\"so-panel widget widget_sow-simple-masonry panel-first-child panel-last-child\" data-index=\"1\" ><div\n\t\t\t\n\t\t\tclass=\"so-widget-sow-simple-masonry so-widget-sow-simple-masonry-default-e14a0aa780eb-51\"\n\t\t\t\n\t\t>\n\n\t<div class=\"sow-masonry-grid-preloader\"><div><\/div><div><\/div><div><\/div><div><\/div><\/div>\n<div class=\"sow-masonry-grid\"\n\tdata-layouts=\"{&quot;desktop&quot;:{&quot;numColumns&quot;:1,&quot;rowHeight&quot;:0,&quot;gutter&quot;:2},&quot;tablet&quot;:{&quot;breakPoint&quot;:768,&quot;numColumns&quot;:1,&quot;rowHeight&quot;:0,&quot;gutter&quot;:2},&quot;mobile&quot;:{&quot;breakPoint&quot;:480,&quot;numColumns&quot;:1,&quot;rowHeight&quot;:0,&quot;gutter&quot;:2}}\" data-layout-origin-left=\"true\" style=\"opacity: 0;\">\n\t\t\t\t<div class=\"sow-masonry-grid-item\" data-col-span=\"1\"\n\t\t\t\tdata-row-span=\"1\">\n\t\t\t\t\n\t\t\t\t\n\t\t\t\t<img loading=\"lazy\" decoding=\"async\" width=\"675\" height=\"379\" src=\"http:\/\/www.reprolam.com\/wp-content\/uploads\/2020\/10\/ALyC8.jpg\" class=\"sow-masonry-grid-image\" alt=\"\" title=\"\" srcset=\"http:\/\/www.reprolam.com\/wp-content\/uploads\/2020\/10\/ALyC8.jpg 675w, http:\/\/www.reprolam.com\/wp-content\/uploads\/2020\/10\/ALyC8-300x168.jpg 300w\" sizes=\"(max-width: 675px) 100vw, 675px\" \/>\n\t\t\t\t\n\t\t\t\t\t\t\t<\/div>\n\t\t\t\t\t\t<div class=\"sow-masonry-grid-item\" data-col-span=\"1\"\n\t\t\t\tdata-row-span=\"1\">\n\t\t\t\t\n\t\t\t\t\n\t\t\t\t<img loading=\"lazy\" decoding=\"async\" width=\"372\" height=\"248\" src=\"http:\/\/www.reprolam.com\/wp-content\/uploads\/2020\/09\/INDUSTRIA5.jpg\" class=\"sow-masonry-grid-image\" alt=\"\" title=\"\" srcset=\"http:\/\/www.reprolam.com\/wp-content\/uploads\/2020\/09\/INDUSTRIA5.jpg 372w, http:\/\/www.reprolam.com\/wp-content\/uploads\/2020\/09\/INDUSTRIA5-300x200.jpg 300w, http:\/\/www.reprolam.com\/wp-content\/uploads\/2020\/09\/INDUSTRIA5-272x182.jpg 272w\" sizes=\"(max-width: 372px) 100vw, 372px\" \/>\n\t\t\t\t\n\t\t\t\t\t\t\t<\/div>\n\t\t\t\n<\/div>\n<\/div><\/div><\/div><\/div><\/div>","protected":false},"excerpt":{"rendered":"<p>&nbsp; Los objetivos actuales de REPROLAM son: Agrupar a las personas cuyas actividades profesionales se desenvuelvan en el campo de la Protecci\u00f3n Radiol\u00f3gica Ocupacional en Am\u00e9rica Latina y el Caribe. Facilitar el intercambio de informaci\u00f3n con un enfoque integrado a<\/p>\n","protected":false},"author":1,"featured_media":0,"parent":0,"menu_order":0,"comment_status":"closed","ping_status":"closed","template":"page-templates\/page-builder.php","meta":{"footnotes":""},"_links":{"self":[{"href":"http:\/\/www.reprolam.com\/index.php?rest_route=\/wp\/v2\/pages\/51"}],"collection":[{"href":"http:\/\/www.reprolam.com\/index.php?rest_route=\/wp\/v2\/pages"}],"about":[{"href":"http:\/\/www.reprolam.com\/index.php?rest_route=\/wp\/v2\/types\/page"}],"author":[{"embeddable":true,"href":"http:\/\/www.reprolam.com\/index.php?rest_route=\/wp\/v2\/users\/1"}],"replies":[{"embeddable":true,"href":"http:\/\/www.reprolam.com\/index.php?rest_route=%2Fwp%2Fv2%2Fcomments&post=51"}],"version-history":[{"count":10,"href":"http:\/\/www.reprolam.com\/index.php?rest_route=\/wp\/v2\/pages\/51\/revisions"}],"predecessor-version":[{"id":1183,"href":"http:\/\/www.reprolam.com\/index.php?rest_route=\/wp\/v2\/pages\/51\/revisions\/1183"}],"wp:attachment":[{"href":"http:\/\/www.reprolam.com\/index.php?rest_route=%2Fwp%2Fv2%2Fmedia&parent=51"}],"curies":[{"name":"wp","href":"https:\/\/api.w.org\/{rel}","templated":true}]}}