{"id":860,"date":"2020-10-12T16:26:16","date_gmt":"2020-10-12T16:26:16","guid":{"rendered":"http:\/\/www.reprolam.com\/?page_id=860"},"modified":"2023-04-05T20:08:32","modified_gmt":"2023-04-05T20:08:32","slug":"usuarios-finales-practicas-medicas-e-industriales","status":"publish","type":"page","link":"http:\/\/www.reprolam.com\/?page_id=860","title":{"rendered":"Usuarios Finales (pr\u00e1cticas m\u00e9dicas e industriales)"},"content":{"rendered":"<div id=\"pl-gb860-69dfdcc46e2b3\"  class=\"panel-layout\" ><div id=\"pg-gb860-69dfdcc46e2b3-0\"  class=\"panel-grid panel-no-style\" ><div id=\"pgc-gb860-69dfdcc46e2b3-0-0\"  class=\"panel-grid-cell\" ><div id=\"panel-gb860-69dfdcc46e2b3-0-0-0\" class=\"so-panel widget widget_sow-editor panel-first-child panel-last-child\" data-index=\"0\" ><div\n\t\t\t\n\t\t\tclass=\"so-widget-sow-editor so-widget-sow-editor-base\"\n\t\t\t\n\t\t>\n<div class=\"siteorigin-widget-tinymce textwidget\">\n\t<\/div>\n<\/div><\/div><\/div><\/div><\/div>\n\n<div id=\"pl-gb860-69dfdcc46f9d5\"  class=\"panel-layout\" ><div id=\"pg-gb860-69dfdcc46f9d5-0\"  class=\"panel-grid panel-has-style\" ><div class=\"panel-row-style panel-row-style-for-gb860-69dfdcc46f9d5-0\" ><div id=\"pgc-gb860-69dfdcc46f9d5-0-0\"  class=\"panel-grid-cell\" ><div id=\"panel-gb860-69dfdcc46f9d5-0-0-0\" class=\"so-panel widget widget_sow-editor panel-first-child panel-last-child\" data-index=\"0\" ><div class=\"panel-widget-style panel-widget-style-for-gb860-69dfdcc46f9d5-0-0-0\" ><div\n\t\t\t\n\t\t\tclass=\"so-widget-sow-editor so-widget-sow-editor-base\"\n\t\t\t\n\t\t>\n<div class=\"siteorigin-widget-tinymce textwidget\">\n\t<p style=\"text-align: center;\"><span style=\"color: #ffffff;\"><strong>PROP\u00d3SITO:<\/strong><\/span><\/p>\n<p style=\"text-align: center;\"><span style=\"color: #ffffff;\">\u00a0Establecer y fortalecer un grupo permanente de profesionales e instituciones p\u00fablicas y privadas en la Regi\u00f3n Latinoamericana, que como usuarios finales en las pr\u00e1cticas m\u00e9dicas e industriales podamos facilitar la cooperaci\u00f3n en la armonizaci\u00f3n de metodolog\u00edas, intercambio de conocimientos, entrenamientos y organizaci\u00f3n de ejercicios pr\u00e1cticos encaminados a fortalecer las habilidades del personal ocupacional expuestos a las radiaciones ionizantes.<\/span><\/p>\n<\/div>\n<\/div><\/div><\/div><\/div><\/div><\/div><div id=\"pg-gb860-69dfdcc46f9d5-1\"  class=\"panel-grid panel-has-style\" ><div class=\"panel-row-style panel-row-style-for-gb860-69dfdcc46f9d5-1\" ><div id=\"pgc-gb860-69dfdcc46f9d5-1-0\"  class=\"panel-grid-cell\" ><div id=\"panel-gb860-69dfdcc46f9d5-1-0-0\" class=\"so-panel widget widget_sow-editor panel-first-child panel-last-child\" data-index=\"1\" ><div class=\"panel-widget-style panel-widget-style-for-gb860-69dfdcc46f9d5-1-0-0\" ><div\n\t\t\t\n\t\t\tclass=\"so-widget-sow-editor so-widget-sow-editor-base\"\n\t\t\t\n\t\t>\n<div class=\"siteorigin-widget-tinymce textwidget\">\n\t<p style=\"text-align: center;\"><span style=\"color: #ffffff;\"><strong>PERFIL DE MIEMBROS<\/strong><\/span><\/p>\n<\/div>\n<\/div><\/div><\/div><\/div><\/div><\/div><div id=\"pg-gb860-69dfdcc46f9d5-2\"  class=\"panel-grid panel-has-style\" ><div class=\"panel-row-style panel-row-style-for-gb860-69dfdcc46f9d5-2\" ><div id=\"pgc-gb860-69dfdcc46f9d5-2-0\"  class=\"panel-grid-cell panel-grid-cell-empty\" ><\/div><div id=\"pgc-gb860-69dfdcc46f9d5-2-1\"  class=\"panel-grid-cell\" ><div id=\"panel-gb860-69dfdcc46f9d5-2-1-0\" class=\"so-panel widget widget_sow-editor panel-first-child panel-last-child\" data-index=\"2\" ><div\n\t\t\t\n\t\t\tclass=\"so-widget-sow-editor so-widget-sow-editor-base\"\n\t\t\t\n\t\t>\n<div class=\"siteorigin-widget-tinymce textwidget\">\n\t<p style=\"text-align: center;\"><strong>COORDINADORES DEL \u00c1REA TEM\u00c1TICA<\/strong><\/p>\n<\/div>\n<\/div><\/div><\/div><\/div><\/div><div id=\"pg-gb860-69dfdcc46f9d5-3\"  class=\"panel-grid panel-has-style\" ><div class=\"panel-row-style panel-row-style-for-gb860-69dfdcc46f9d5-3\" ><div id=\"pgc-gb860-69dfdcc46f9d5-3-0\"  class=\"panel-grid-cell\" ><div id=\"panel-gb860-69dfdcc46f9d5-3-0-0\" class=\"so-panel widget widget_sow-editor panel-first-child\" data-index=\"3\" ><div id=\"vin\" class=\"panel-widget-style panel-widget-style-for-gb860-69dfdcc46f9d5-3-0-0\" ><div\n\t\t\t\n\t\t\tclass=\"so-widget-sow-editor so-widget-sow-editor-base\"\n\t\t\t\n\t\t>\n<div class=\"siteorigin-widget-tinymce textwidget\">\n\t<table style=\"height: 23px; width: 100%; border-collapse: collapse; border-style: none;\" border=\"0\">\n<tbody>\n<tr style=\"height: 38px;\">\n<td style=\"width: 62.9833px; height: 10px; vertical-align: top;\"><img loading=\"lazy\" decoding=\"async\" class=\"size-full wp-image-653 aligncenter\" src=\"http:\/\/www.reprolam.com\/wp-content\/uploads\/2020\/10\/3313576-24.png\" alt=\"\" width=\"24\" height=\"24\" \/><\/td>\n<td style=\"width: 877.017px; height: 10px; text-align: justify; vertical-align: top;\">Profesionales usuarios finales en las pr\u00e1cticas m\u00e9dicas e industriales.<\/td>\n<\/tr>\n<tr style=\"height: 48px;\">\n<td style=\"width: 62.9833px; height: 13px; vertical-align: top;\"><img loading=\"lazy\" decoding=\"async\" class=\"size-full wp-image-653 aligncenter\" src=\"http:\/\/www.reprolam.com\/wp-content\/uploads\/2020\/10\/3313576-24.png\" alt=\"\" width=\"24\" height=\"24\" \/><\/td>\n<td style=\"width: 877.017px; height: 13px; text-align: justify; vertical-align: top;\">Instituciones p\u00fablicas y privadas en la Regi\u00f3n Latinoamericana, que son usuarios finales en las pr\u00e1cticas m\u00e9dicas e industriales.<\/td>\n<\/tr>\n<\/tbody>\n<\/table>\n<\/div>\n<\/div><\/div><\/div><div id=\"panel-gb860-69dfdcc46f9d5-3-0-1\" class=\"so-panel widget widget_sow-image\" data-index=\"4\" ><div\n\t\t\t\n\t\t\tclass=\"so-widget-sow-image so-widget-sow-image-default-c67d20f9f743-860\"\n\t\t\t\n\t\t>\n<div class=\"sow-image-container\">\n\t\t<img \n\tsrc=\"http:\/\/www.reprolam.com\/wp-content\/uploads\/2020\/10\/logo-USUARIOS-FINALES-1-237x300.png\" width=\"237\" height=\"300\" srcset=\"http:\/\/www.reprolam.com\/wp-content\/uploads\/2020\/10\/logo-USUARIOS-FINALES-1-237x300.png 237w, http:\/\/www.reprolam.com\/wp-content\/uploads\/2020\/10\/logo-USUARIOS-FINALES-1.png 288w\" sizes=\"(max-width: 237px) 100vw, 237px\" title=\"logo USUARIOS FINALES\" alt=\"\" \t\tclass=\"so-widget-image\"\/>\n\t<\/div>\n\n<\/div><\/div><div id=\"panel-gb860-69dfdcc46f9d5-3-0-2\" class=\"so-panel widget widget_sow-image panel-last-child\" data-index=\"5\" ><div\n\t\t\t\n\t\t\tclass=\"so-widget-sow-image so-widget-sow-image-default-c67d20f9f743-860\"\n\t\t\t\n\t\t>\n<div class=\"sow-image-container\">\n\t\t\t<a href=\"http:\/\/www.reprolam.com\/?page_id=1400\"\n\t\t\t\t\t>\n\t\t\t<img \n\tsrc=\"http:\/\/www.reprolam.com\/wp-content\/uploads\/2020\/10\/miembros.png\" width=\"281\" height=\"65\" sizes=\"(max-width: 281px) 100vw, 281px\" alt=\"\" \t\tclass=\"so-widget-image\"\/>\n\t\t\t<\/a><\/div>\n\n<\/div><\/div><\/div><div id=\"pgc-gb860-69dfdcc46f9d5-3-1\"  class=\"panel-grid-cell\" ><div id=\"panel-gb860-69dfdcc46f9d5-3-1-0\" class=\"so-panel widget widget_sow-editor panel-first-child panel-last-child\" data-index=\"6\" ><div class=\"panel-widget-style panel-widget-style-for-gb860-69dfdcc46f9d5-3-1-0\" ><div\n\t\t\t\n\t\t\tclass=\"so-widget-sow-editor so-widget-sow-editor-base\"\n\t\t\t\n\t\t>\n<div class=\"siteorigin-widget-tinymce textwidget\">\n\t<table style=\"border-collapse: collapse; width: 100%;\" border=\"1\">\n<tbody>\n<tr>\n<td style=\"width: 100%; text-align: center; border-style: hidden; vertical-align: top;\"><img loading=\"lazy\" decoding=\"async\" class=\"aligncenter wp-image-4399 size-medium\" src=\"http:\/\/www.reprolam.com\/wp-content\/uploads\/2023\/04\/9-Foto_Cinthia-Papp-267x300.jpg\" alt=\"\" width=\"267\" height=\"300\" srcset=\"http:\/\/www.reprolam.com\/wp-content\/uploads\/2023\/04\/9-Foto_Cinthia-Papp-267x300.jpg 267w, http:\/\/www.reprolam.com\/wp-content\/uploads\/2023\/04\/9-Foto_Cinthia-Papp.jpg 592w\" sizes=\"(max-width: 267px) 100vw, 267px\" \/><\/td>\n<\/tr>\n<tr>\n<td style=\"width: 100%; text-align: center; border-style: hidden; vertical-align: top;\"><strong>Cinthia Papp<\/strong><\/p>\n<p>ARGENTINA<\/p>\n<p><a href=\"mailto:cinthiapapp@gmail.com\">cinthiapapp@gmail.com<\/a><\/p>\n<p>Coordinadora T\u00e9cnica de Proyectos de Ciclotr\u00f3n, Radiofarmacia y Medicina Nuclear.<\/p>\n<p>INVAP S. E<\/p>\n<\/td>\n<\/tr>\n<\/tbody>\n<\/table>\n<\/div>\n<\/div><\/div><\/div><\/div><div id=\"pgc-gb860-69dfdcc46f9d5-3-2\"  class=\"panel-grid-cell\" ><div id=\"panel-gb860-69dfdcc46f9d5-3-2-0\" class=\"so-panel widget widget_sow-editor panel-first-child panel-last-child\" data-index=\"7\" ><div class=\"panel-widget-style panel-widget-style-for-gb860-69dfdcc46f9d5-3-2-0\" ><div\n\t\t\t\n\t\t\tclass=\"so-widget-sow-editor so-widget-sow-editor-base\"\n\t\t\t\n\t\t>\n<div class=\"siteorigin-widget-tinymce textwidget\">\n\t<table style=\"border-collapse: collapse; width: 100%;\" border=\"1\">\n<tbody>\n<tr>\n<td style=\"width: 100%; text-align: center; border-style: hidden; vertical-align: top;\"><img loading=\"lazy\" decoding=\"async\" class=\"aligncenter wp-image-3023 size-medium\" src=\"http:\/\/www.reprolam.com\/wp-content\/uploads\/2021\/09\/OIEArepres-214x300.jpg\" alt=\"\" width=\"214\" height=\"300\" srcset=\"http:\/\/www.reprolam.com\/wp-content\/uploads\/2021\/09\/OIEArepres-214x300.jpg 214w, http:\/\/www.reprolam.com\/wp-content\/uploads\/2021\/09\/OIEArepres.jpg 625w\" sizes=\"(max-width: 214px) 100vw, 214px\" \/><\/td>\n<\/tr>\n<tr>\n<td style=\"width: 100%; text-align: center; border-style: hidden; vertical-align: top;\"><strong>Juan Carlos Mora Ca\u00f1adas<\/strong><\/p>\n<p>ESPA\u00d1A<\/p>\n<p><a href=\"mailto:jc.mora@ciemat.es\">jc.mora@ciemat.es<\/a><\/p>\n<p>Servicio de Protecci\u00f3n Radiol\u00f3gica.<\/p>\n<p>Centro de Investigaciones Energ\u00e9ticas, Medioambientales y Tecnol\u00f3gicas (CIEMAT)<\/p>\n<\/td>\n<\/tr>\n<\/tbody>\n<\/table>\n<\/div>\n<\/div><\/div><\/div><\/div><\/div><\/div><div id=\"pg-gb860-69dfdcc46f9d5-4\"  class=\"panel-grid panel-has-style\" ><div class=\"panel-row-style panel-row-style-for-gb860-69dfdcc46f9d5-4\" ><div id=\"pgc-gb860-69dfdcc46f9d5-4-0\"  class=\"panel-grid-cell\" ><div id=\"panel-gb860-69dfdcc46f9d5-4-0-0\" class=\"so-panel widget widget_sow-editor panel-first-child panel-last-child\" data-index=\"8\" ><div class=\"panel-widget-style panel-widget-style-for-gb860-69dfdcc46f9d5-4-0-0\" ><div\n\t\t\t\n\t\t\tclass=\"so-widget-sow-editor so-widget-sow-editor-base\"\n\t\t\t\n\t\t>\n<div class=\"siteorigin-widget-tinymce textwidget\">\n\t<p style=\"text-align: center;\"><span style=\"color: #ffffff;\"><strong>OBJETIVOS:<\/strong><\/span><\/p>\n<\/div>\n<\/div><\/div><\/div><\/div><\/div><\/div><div id=\"pg-gb860-69dfdcc46f9d5-5\"  class=\"panel-grid panel-has-style\" ><div class=\"panel-row-style panel-row-style-for-gb860-69dfdcc46f9d5-5\" ><div id=\"pgc-gb860-69dfdcc46f9d5-5-0\"  class=\"panel-grid-cell\" ><div id=\"panel-gb860-69dfdcc46f9d5-5-0-0\" class=\"so-panel widget widget_sow-editor panel-first-child panel-last-child\" data-index=\"9\" ><div id=\"vin\" class=\"panel-widget-style panel-widget-style-for-gb860-69dfdcc46f9d5-5-0-0\" ><div\n\t\t\t\n\t\t\tclass=\"so-widget-sow-editor so-widget-sow-editor-base\"\n\t\t\t\n\t\t>\n<div class=\"siteorigin-widget-tinymce textwidget\">\n\t<table style=\"height: 23px; width: 100%; border-collapse: collapse; border-style: none;\" border=\"0\">\n<tbody>\n<tr style=\"height: 38px;\">\n<td style=\"width: 6.65259%; height: 10px; vertical-align: top;\"><img loading=\"lazy\" decoding=\"async\" class=\"size-full wp-image-653 aligncenter\" src=\"http:\/\/www.reprolam.com\/wp-content\/uploads\/2020\/10\/3313576-24.png\" alt=\"\" width=\"24\" height=\"24\" \/><\/td>\n<td style=\"width: 93.2418%; height: 10px; vertical-align: top;\">Actualizar y armonizar los conceptos de protecci\u00f3n radiol\u00f3gica ocupacional.<\/td>\n<\/tr>\n<tr style=\"height: 48px;\">\n<td style=\"width: 6.65259%; height: 13px; vertical-align: top;\"><img loading=\"lazy\" decoding=\"async\" class=\"size-full wp-image-653 aligncenter\" src=\"http:\/\/www.reprolam.com\/wp-content\/uploads\/2020\/10\/3313576-24.png\" alt=\"\" width=\"24\" height=\"24\" \/><\/td>\n<td style=\"width: 93.2418%; height: 13px; vertical-align: top;\">Esclarecer y fortalecer los m\u00e9todos y procedimientos de la vigilancia m\u00e9dica ocupacional.<\/td>\n<\/tr>\n<tr style=\"height: 48px;\">\n<td style=\"width: 6.65259%; vertical-align: top; height: 48px;\"><img loading=\"lazy\" decoding=\"async\" class=\"size-full wp-image-653 aligncenter\" src=\"http:\/\/www.reprolam.com\/wp-content\/uploads\/2020\/10\/3313576-24.png\" alt=\"\" width=\"24\" height=\"24\" \/><\/td>\n<td style=\"width: 93.2418%; vertical-align: top; height: 48px;\">Difundir el conocimiento, entre autoridades y usuarios, sobre la protecci\u00f3n radiol\u00f3gica ocupacional en las pr\u00e1cticas m\u00e9dica e industrial.<\/td>\n<\/tr>\n<tr style=\"height: 56px;\">\n<td style=\"width: 6.65259%; vertical-align: top; height: 56px;\"><img loading=\"lazy\" decoding=\"async\" class=\"size-full wp-image-653 aligncenter\" src=\"http:\/\/www.reprolam.com\/wp-content\/uploads\/2020\/10\/3313576-24.png\" alt=\"\" width=\"24\" height=\"24\" \/><\/td>\n<td style=\"width: 93.2418%; vertical-align: top; height: 56px;\">Concientizar sobre la realizaci\u00f3n de buenas pr\u00e1cticas en el uso radiaciones ionizantes.<\/td>\n<\/tr>\n<tr style=\"height: 24px;\">\n<td style=\"width: 6.65259%; vertical-align: top; height: 24px;\"><img loading=\"lazy\" decoding=\"async\" class=\"size-full wp-image-653 aligncenter\" src=\"http:\/\/www.reprolam.com\/wp-content\/uploads\/2020\/10\/3313576-24.png\" alt=\"\" width=\"24\" height=\"24\" \/><\/td>\n<td style=\"width: 93.2418%; vertical-align: top; height: 24px;\">Difundir la aplicaci\u00f3n y la correcta utilizaci\u00f3n del equipamiento de Radioprotecci\u00f3n y dosimetr\u00eda personal.<\/td>\n<\/tr>\n<\/tbody>\n<\/table>\n<\/div>\n<\/div><\/div><\/div><\/div><div id=\"pgc-gb860-69dfdcc46f9d5-5-1\"  class=\"panel-grid-cell\" ><div id=\"panel-gb860-69dfdcc46f9d5-5-1-0\" class=\"so-panel widget widget_sow-image panel-first-child\" data-index=\"10\" ><div class=\"panel-widget-style panel-widget-style-for-gb860-69dfdcc46f9d5-5-1-0\" ><div\n\t\t\t\n\t\t\tclass=\"so-widget-sow-image so-widget-sow-image-default-c67d20f9f743-860\"\n\t\t\t\n\t\t>\n<div class=\"sow-image-container\">\n\t\t<img \n\tsrc=\"http:\/\/www.reprolam.com\/wp-content\/uploads\/2020\/09\/industria-1.jpg\" width=\"819\" height=\"373\" srcset=\"http:\/\/www.reprolam.com\/wp-content\/uploads\/2020\/09\/industria-1.jpg 819w, http:\/\/www.reprolam.com\/wp-content\/uploads\/2020\/09\/industria-1-300x137.jpg 300w, http:\/\/www.reprolam.com\/wp-content\/uploads\/2020\/09\/industria-1-768x350.jpg 768w\" sizes=\"(max-width: 819px) 100vw, 819px\" title=\"industria\" alt=\"\" \t\tclass=\"so-widget-image\"\/>\n\t<\/div>\n\n<\/div><\/div><\/div><div id=\"panel-gb860-69dfdcc46f9d5-5-1-1\" class=\"so-panel widget widget_sow-image panel-last-child\" data-index=\"11\" ><div class=\"panel-widget-style panel-widget-style-for-gb860-69dfdcc46f9d5-5-1-1\" ><div\n\t\t\t\n\t\t\tclass=\"so-widget-sow-image so-widget-sow-image-default-c67d20f9f743-860\"\n\t\t\t\n\t\t>\n<div class=\"sow-image-container\">\n\t\t<img \n\tsrc=\"http:\/\/www.reprolam.com\/wp-content\/uploads\/2020\/10\/PR-USUARIOS-04.jpg\" width=\"1600\" height=\"431\" srcset=\"http:\/\/www.reprolam.com\/wp-content\/uploads\/2020\/10\/PR-USUARIOS-04.jpg 1600w, http:\/\/www.reprolam.com\/wp-content\/uploads\/2020\/10\/PR-USUARIOS-04-300x81.jpg 300w, http:\/\/www.reprolam.com\/wp-content\/uploads\/2020\/10\/PR-USUARIOS-04-1024x276.jpg 1024w, http:\/\/www.reprolam.com\/wp-content\/uploads\/2020\/10\/PR-USUARIOS-04-768x207.jpg 768w, http:\/\/www.reprolam.com\/wp-content\/uploads\/2020\/10\/PR-USUARIOS-04-1536x414.jpg 1536w\" sizes=\"(max-width: 1600px) 100vw, 1600px\" alt=\"\" \t\tclass=\"so-widget-image\"\/>\n\t<\/div>\n\n<\/div><\/div><\/div><\/div><\/div><\/div><div id=\"pg-gb860-69dfdcc46f9d5-6\"  class=\"panel-grid panel-has-style\" ><div class=\"panel-row-style panel-row-style-for-gb860-69dfdcc46f9d5-6\" ><div id=\"pgc-gb860-69dfdcc46f9d5-6-0\"  class=\"panel-grid-cell\" ><div id=\"panel-gb860-69dfdcc46f9d5-6-0-0\" class=\"so-panel widget widget_sow-editor panel-first-child panel-last-child\" data-index=\"12\" ><div class=\"panel-widget-style panel-widget-style-for-gb860-69dfdcc46f9d5-6-0-0\" ><div\n\t\t\t\n\t\t\tclass=\"so-widget-sow-editor so-widget-sow-editor-base\"\n\t\t\t\n\t\t>\n<div class=\"siteorigin-widget-tinymce textwidget\">\n\t<p style=\"text-align: center;\"><span style=\"color: #ffffff;\"><strong>METAS:<\/strong><\/span><\/p>\n<\/div>\n<\/div><\/div><\/div><\/div><\/div><\/div><div id=\"pg-gb860-69dfdcc46f9d5-7\"  class=\"panel-grid panel-has-style\" ><div class=\"panel-row-style panel-row-style-for-gb860-69dfdcc46f9d5-7\" ><div id=\"pgc-gb860-69dfdcc46f9d5-7-0\"  class=\"panel-grid-cell\" ><div id=\"panel-gb860-69dfdcc46f9d5-7-0-0\" class=\"so-panel widget widget_sow-editor panel-first-child panel-last-child\" data-index=\"13\" ><div id=\"vin\" class=\"panel-widget-style panel-widget-style-for-gb860-69dfdcc46f9d5-7-0-0\" ><div\n\t\t\t\n\t\t\tclass=\"so-widget-sow-editor so-widget-sow-editor-base\"\n\t\t\t\n\t\t>\n<div class=\"siteorigin-widget-tinymce textwidget\">\n\t<table style=\"height: 23px; width: 100%; border-collapse: collapse; border-style: none;\" border=\"0\">\n<tbody>\n<tr style=\"height: 38px;\">\n<td style=\"width: 7.07497%; height: 10px; vertical-align: top;\"><img loading=\"lazy\" decoding=\"async\" class=\"size-full wp-image-653 aligncenter\" src=\"http:\/\/www.reprolam.com\/wp-content\/uploads\/2020\/10\/3313576-24.png\" alt=\"\" width=\"24\" height=\"24\" \/><\/td>\n<td style=\"width: 92.8194%; height: 10px; vertical-align: top;\">Consolidar e identificar los recursos humanos especializados en los conceptos de protecci\u00f3n radiol\u00f3gica y vigilancia m\u00e9dica, ocupacional.<\/td>\n<\/tr>\n<tr style=\"height: 48px;\">\n<td style=\"width: 7.07497%; height: 13px; vertical-align: top;\"><img loading=\"lazy\" decoding=\"async\" class=\"size-full wp-image-653 aligncenter\" src=\"http:\/\/www.reprolam.com\/wp-content\/uploads\/2020\/10\/3313576-24.png\" alt=\"\" width=\"24\" height=\"24\" \/><\/td>\n<td style=\"width: 92.8194%; height: 13px; vertical-align: top;\">Identificar y asociar a las instituciones m\u00e1s relevantes de la regi\u00f3n.<\/td>\n<\/tr>\n<tr style=\"height: 48px;\">\n<td style=\"width: 7.07497%; vertical-align: top; height: 48px;\"><img loading=\"lazy\" decoding=\"async\" class=\"size-full wp-image-653 aligncenter\" src=\"http:\/\/www.reprolam.com\/wp-content\/uploads\/2020\/10\/3313576-24.png\" alt=\"\" width=\"24\" height=\"24\" \/><\/td>\n<td style=\"width: 92.8194%; vertical-align: top; height: 48px;\">Promover el uso de todas las magnitudes dosim\u00e9tricas de inter\u00e9s, con \u00e9nfasis en Hp(0.07) y Hp(3), dando seguimiento a los resultados de la dosimetr\u00eda al cristalino.<\/td>\n<\/tr>\n<tr style=\"height: 24px;\">\n<td style=\"width: 7.07497%; vertical-align: top; height: 24px;\"><img loading=\"lazy\" decoding=\"async\" class=\"size-full wp-image-653 aligncenter\" src=\"http:\/\/www.reprolam.com\/wp-content\/uploads\/2020\/10\/3313576-24.png\" alt=\"\" width=\"24\" height=\"24\" \/><\/td>\n<td style=\"width: 92.8194%; vertical-align: top; height: 24px;\">Promover el uso de herramientas inform\u00e1ticas para mantener actualizados los registros dosim\u00e9tricos, inventario del TOE, resultados de protocolos de autoevaluaciones y control de calidad remotos<\/td>\n<\/tr>\n<\/tbody>\n<\/table>\n<\/div>\n<\/div><\/div><\/div><\/div><div id=\"pgc-gb860-69dfdcc46f9d5-7-1\"  class=\"panel-grid-cell\" ><div id=\"panel-gb860-69dfdcc46f9d5-7-1-0\" class=\"so-panel widget widget_sow-image panel-first-child panel-last-child\" data-index=\"14\" ><div class=\"panel-widget-style panel-widget-style-for-gb860-69dfdcc46f9d5-7-1-0\" ><div\n\t\t\t\n\t\t\tclass=\"so-widget-sow-image so-widget-sow-image-default-c67d20f9f743-860\"\n\t\t\t\n\t\t>\n<div class=\"sow-image-container\">\n\t\t<img \n\tsrc=\"http:\/\/www.reprolam.com\/wp-content\/uploads\/2020\/09\/PR-USUARIO-2.jpg\" width=\"950\" height=\"768\" srcset=\"http:\/\/www.reprolam.com\/wp-content\/uploads\/2020\/09\/PR-USUARIO-2.jpg 950w, http:\/\/www.reprolam.com\/wp-content\/uploads\/2020\/09\/PR-USUARIO-2-300x243.jpg 300w, http:\/\/www.reprolam.com\/wp-content\/uploads\/2020\/09\/PR-USUARIO-2-768x621.jpg 768w\" sizes=\"(max-width: 950px) 100vw, 950px\" alt=\"\" \t\tclass=\"so-widget-image\"\/>\n\t<\/div>\n\n<\/div><\/div><\/div><\/div><\/div><\/div><div id=\"pg-gb860-69dfdcc46f9d5-8\"  class=\"panel-grid panel-has-style\" ><div class=\"panel-row-style panel-row-style-for-gb860-69dfdcc46f9d5-8\" ><div id=\"pgc-gb860-69dfdcc46f9d5-8-0\"  class=\"panel-grid-cell\" ><div id=\"panel-gb860-69dfdcc46f9d5-8-0-0\" class=\"so-panel widget widget_sow-editor panel-first-child panel-last-child\" data-index=\"15\" ><div class=\"panel-widget-style panel-widget-style-for-gb860-69dfdcc46f9d5-8-0-0\" ><div\n\t\t\t\n\t\t\tclass=\"so-widget-sow-editor so-widget-sow-editor-base\"\n\t\t\t\n\t\t>\n<div class=\"siteorigin-widget-tinymce textwidget\">\n\t<p style=\"text-align: center;\"><span style=\"color: #ffffff;\"><strong>PLAN DE ACTIVIDADES:<\/strong><\/span><\/p>\n<\/div>\n<\/div><\/div><\/div><\/div><\/div><\/div><div id=\"pg-gb860-69dfdcc46f9d5-9\"  class=\"panel-grid panel-has-style\" ><div class=\"panel-row-style panel-row-style-for-gb860-69dfdcc46f9d5-9\" ><div id=\"pgc-gb860-69dfdcc46f9d5-9-0\"  class=\"panel-grid-cell\" ><div id=\"panel-gb860-69dfdcc46f9d5-9-0-0\" class=\"so-panel widget widget_sow-editor panel-first-child\" data-index=\"16\" ><div id=\"vin\" class=\"panel-widget-style panel-widget-style-for-gb860-69dfdcc46f9d5-9-0-0\" ><div\n\t\t\t\n\t\t\tclass=\"so-widget-sow-editor so-widget-sow-editor-base\"\n\t\t\t\n\t\t>\n<div class=\"siteorigin-widget-tinymce textwidget\">\n\t\n<table id=\"tablepress-8\" class=\"tablepress tablepress-id-8\">\n<thead>\n<tr class=\"row-1\">\n\t<th class=\"column-1\">No.<\/th><th class=\"column-2\">Actividad<\/th><th class=\"column-3\">Fecha<\/th>\n<\/tr>\n<\/thead>\n<tbody class=\"row-striping row-hover\">\n<tr class=\"row-2\">\n\t<td class=\"column-1\">1<\/td><td class=\"column-2\">Promover entre las instituciones miembros, las auditor\u00edas externas de pares. (ORPAS, QUANUM, QUATRO y QUADRIL)   <\/td><td class=\"column-3\">2020<\/td>\n<\/tr>\n<tr class=\"row-3\">\n\t<td class=\"column-1\">2<\/td><td class=\"column-2\">Webinar sobre protecci\u00f3n radiol\u00f3gica ocupacional en intervencionismo.<\/td><td class=\"column-3\">Noviembre 2020<\/td>\n<\/tr>\n<tr class=\"row-4\">\n\t<td class=\"column-1\">3<\/td><td class=\"column-2\">Curso regional sobre el uso de dosimetr\u00eda de cristalino, extremidades y ambiental.<\/td><td class=\"column-3\">2021<\/td>\n<\/tr>\n<tr class=\"row-5\">\n\t<td class=\"column-1\">4<\/td><td class=\"column-2\">Curso de Protecci\u00f3n radiol\u00f3gica y operaci\u00f3n de proyectores para Gammagraf\u00eda Industrial a trav\u00e9s del Centro Argentino de Ensayos No Destructivos CAEND.<\/td><td class=\"column-3\">2021<\/td>\n<\/tr>\n<tr class=\"row-6\">\n\t<td class=\"column-1\">5<\/td><td class=\"column-2\">Curso regional para control de calidad y caracterizaci\u00f3n equipos emisor en pr\u00e1ctica de intervencionismo.<\/td><td class=\"column-3\">2022<\/td>\n<\/tr>\n<\/tbody>\n<\/table>\n<!-- #tablepress-8 from cache -->\n<\/div>\n<\/div><\/div><\/div><div id=\"panel-gb860-69dfdcc46f9d5-9-0-1\" class=\"so-panel widget widget_sow-editor panel-last-child\" data-index=\"17\" ><div\n\t\t\t\n\t\t\tclass=\"so-widget-sow-editor so-widget-sow-editor-base\"\n\t\t\t\n\t\t>\n<div class=\"siteorigin-widget-tinymce textwidget\">\n\t<\/div>\n<\/div><\/div><\/div><div id=\"pgc-gb860-69dfdcc46f9d5-9-1\"  class=\"panel-grid-cell\" ><div id=\"panel-gb860-69dfdcc46f9d5-9-1-0\" class=\"so-panel widget widget_sow-image panel-first-child panel-last-child\" data-index=\"18\" ><div class=\"panel-widget-style panel-widget-style-for-gb860-69dfdcc46f9d5-9-1-0\" ><div\n\t\t\t\n\t\t\tclass=\"so-widget-sow-image so-widget-sow-image-default-c67d20f9f743-860\"\n\t\t\t\n\t\t>\n<div class=\"sow-image-container\">\n\t\t<img \n\tsrc=\"http:\/\/www.reprolam.com\/wp-content\/uploads\/2020\/10\/equipo.jpg\" width=\"403\" height=\"268\" srcset=\"http:\/\/www.reprolam.com\/wp-content\/uploads\/2020\/10\/equipo.jpg 403w, http:\/\/www.reprolam.com\/wp-content\/uploads\/2020\/10\/equipo-300x200.jpg 300w, http:\/\/www.reprolam.com\/wp-content\/uploads\/2020\/10\/equipo-272x182.jpg 272w\" sizes=\"(max-width: 403px) 100vw, 403px\" alt=\"\" \t\tclass=\"so-widget-image\"\/>\n\t<\/div>\n\n<\/div><\/div><\/div><\/div><\/div><\/div><\/div>\n\n\n<p><\/p>\n","protected":false},"excerpt":{"rendered":"<p>Actualizar y armonizar los conceptos de protecci\u00f3n radiol\u00f3gica ocupacional. Esclarecer y fortalecer los m\u00e9todos y procedimientos de la vigilancia m\u00e9dica ocupacional. Difundir el conocimiento, entre \u2026<\/p>\n","protected":false},"author":1,"featured_media":995,"parent":57,"menu_order":0,"comment_status":"closed","ping_status":"closed","template":"page-templates\/page-builder.php","meta":{"footnotes":""},"_links":{"self":[{"href":"http:\/\/www.reprolam.com\/index.php?rest_route=\/wp\/v2\/pages\/860"}],"collection":[{"href":"http:\/\/www.reprolam.com\/index.php?rest_route=\/wp\/v2\/pages"}],"about":[{"href":"http:\/\/www.reprolam.com\/index.php?rest_route=\/wp\/v2\/types\/page"}],"author":[{"embeddable":true,"href":"http:\/\/www.reprolam.com\/index.php?rest_route=\/wp\/v2\/users\/1"}],"replies":[{"embeddable":true,"href":"http:\/\/www.reprolam.com\/index.php?rest_route=%2Fwp%2Fv2%2Fcomments&post=860"}],"version-history":[{"count":36,"href":"http:\/\/www.reprolam.com\/index.php?rest_route=\/wp\/v2\/pages\/860\/revisions"}],"predecessor-version":[{"id":4430,"href":"http:\/\/www.reprolam.com\/index.php?rest_route=\/wp\/v2\/pages\/860\/revisions\/4430"}],"up":[{"embeddable":true,"href":"http:\/\/www.reprolam.com\/index.php?rest_route=\/wp\/v2\/pages\/57"}],"wp:featuredmedia":[{"embeddable":true,"href":"http:\/\/www.reprolam.com\/index.php?rest_route=\/wp\/v2\/media\/995"}],"wp:attachment":[{"href":"http:\/\/www.reprolam.com\/index.php?rest_route=%2Fwp%2Fv2%2Fmedia&parent=860"}],"curies":[{"name":"wp","href":"https:\/\/api.w.org\/{rel}","templated":true}]}}